uawdijnntqw1x1x1
IP : 216.73.217.174
Hostname : mailtech.lifestyleretreats.com
Kernel : Linux mailtech.lifestyleretreats.com 3.10.0-1160.119.1.vz7.224.4 #1 SMP Mon Sep 30 15:36:27 MSK 2024 x86_64
Disable Function : exec,passthru,shell_exec,system
OS : Linux
PATH:
/
home
/
lrindo5
/
access-logs
/
.
/
.
/
pelican.lrindo.com-ssl_log
/
/
51.210.18.170 - - [03/Sep/2026:20:13:14 +0800] "GET /wp-login.php HTTP/1.1" 200 6825 "-" "Mozilla/5.0 (Windows NT 10.0; Win64; x64) AppleWebKit/537.36 (KHTML, like Gecko) Chrome/151.0.0.0 Safari/537.36"
209.182.193.228 - - [03/Sep/2026:20:13:16 +0800] "POST /wp-cron.php?doing_wp_cron=1788437596.0777499675750732421875 HTTP/1.1" 200 - "-" "WordPress/6.4.10; https://pelican.lrindo.com"
51.210.18.170 - - [03/Sep/2026:20:13:17 +0800] "POST /wp-login.php HTTP/1.1" 200 7313 "https://pelican.lrindo.com/wp-login.php" "Mozilla/5.0 (Windows NT 10.0; Win64; x64) AppleWebKit/537.36 (KHTML, like Gecko) Chrome/151.0.0.0 Safari/537.36"
149.22.80.138 - - [03/Sep/2026:20:22:43 +0800] "GET //w.php HTTP/1.1" 200 70937 "-" "Mozilla/5.0 (iPhone; CPU iPhone OS 18_6 like Mac OS X) AppleWebKit/605.1.15 (KHTML, like Gecko) Version/26.6 Mobile/15E148 Safari/604.1"
198.98.59.181 - - [03/Sep/2026:20:23:32 +0800] "GET /wp-login.php HTTP/1.1" 200 6825 "-" "Mozilla/5.0 (Windows NT 6.1; WOW64) AppleWebKit/537.36 (KHTML, like Gecko) Chrome/35.0.1916.114 Safari/537.36"
198.98.59.181 - - [03/Sep/2026:20:23:35 +0800] "POST /wp-login.php HTTP/1.1" 200 7313 "-" "Mozilla/5.0 (Windows NT 6.1; WOW64) AppleWebKit/537.36 (KHTML, like Gecko) Chrome/35.0.1916.114 Safari/537.36"
209.182.193.228 - - [03/Sep/2026:20:23:33 +0800] "POST /wp-cron.php?doing_wp_cron=1788438213.5797851085662841796875 HTTP/1.1" 200 - "-" "WordPress/6.4.10; https://pelican.lrindo.com"
143.198.73.39 - - [03/Sep/2026:20:24:05 +0800] "GET /gallery HTTP/1.1" 301 - "https://www.google.com/search?q=lrindo" "Mozilla/5.0 (Macintosh; Intel Mac OS X 10_15_7) AppleWebKit/537.36 (KHTML, like Gecko) Chrome/139.0.0.0 Safari/537.36"
46.62.234.38 - - [03/Sep/2026:20:24:07 +0800] "GET //w.php HTTP/1.1" 200 70932 "-" "Mozilla/5.0 (Linux; Android 15; SM-S938B) AppleWebKit/537.36 (KHTML, like Gecko) Chrome/150.0.0.0 Mobile Safari/537.36"
209.182.193.228 - - [03/Sep/2026:20:24:06 +0800] "POST /wp-cron.php?doing_wp_cron=1788438246.5492439270019531250000 HTTP/1.1" 200 - "-" "WordPress/6.4.10; https://pelican.lrindo.com"
143.198.73.39 - - [03/Sep/2026:20:24:07 +0800] "GET /gallery/ HTTP/1.1" 200 377364 "https://pelican.lrindo.com/gallery" "Mozilla/5.0 (Macintosh; Intel Mac OS X 10_15_7) AppleWebKit/537.36 (KHTML, like Gecko) Chrome/139.0.0.0 Safari/537.36"
149.22.80.138 - - [03/Sep/2026:20:24:40 +0800] "GET //w.php HTTP/1.1" 200 70937 "-" "Mozilla/5.0 (Macintosh; Intel Mac OS X 10_15_7) AppleWebKit/605.1.15 (KHTML, like Gecko) Version/26.4 Safari/605.1.15"
149.22.80.138 - - [03/Sep/2026:20:24:41 +0800] "HEAD //final_pelican.zip HTTP/1.1" 200 - "-" "Mozilla/5.0 (compatible; MSIE 10.0; Windows NT 6.1; Trident/6.0)"
46.62.173.36 - - [03/Sep/2026:20:24:48 +0800] "HEAD //final_pelican.zip HTTP/1.1" 200 - "-" "Mozilla/5.0 (compatible; MSIE 10.0; Windows NT 6.1; Trident/6.0)"
46.62.173.36 - - [03/Sep/2026:20:24:49 +0800] "GET //final_pelican.zip HTTP/1.1" 200 167963430 "-" "Mozilla/5.0 (compatible; MSIE 10.0; Windows NT 6.1; Trident/6.0)"
149.22.80.138 - - [03/Sep/2026:20:24:42 +0800] "GET //final_pelican.zip HTTP/1.1" 200 167963430 "-" "Mozilla/5.0 (compatible; MSIE 10.0; Windows NT 6.1; Trident/6.0)"
149.22.80.138 - - [03/Sep/2026:20:24:55 +0800] "HEAD //pelican.zip HTTP/1.1" 200 - "-" "Mozilla/5.0 (compatible; MSIE 10.0; Windows NT 6.1; Trident/6.0)"
149.22.80.138 - - [03/Sep/2026:20:24:56 +0800] "GET //w.php HTTP/1.1" 200 70937 "-" "Mozilla/5.0 (iPhone; CPU iPhone OS 18_6 like Mac OS X) AppleWebKit/605.1.15 (KHTML, like Gecko) Version/26.6 Mobile/15E148 Safari/604.1"
149.22.80.138 - - [03/Sep/2026:20:25:00 +0800] "GET /favicon.ico HTTP/1.1" 301 - "https://www.pelican.lrindo.com//w.php" "Mozilla/5.0 (iPhone; CPU iPhone OS 18_6 like Mac OS X) AppleWebKit/605.1.15 (KHTML, like Gecko) Version/26.6 Mobile/15E148 Safari/604.1"
149.22.80.138 - - [03/Sep/2026:20:24:56 +0800] "GET //pelican.zip HTTP/1.1" 200 169594025 "-" "Mozilla/5.0 (compatible; MSIE 10.0; Windows NT 6.1; Trident/6.0)"
149.22.80.138 - - [03/Sep/2026:20:25:05 +0800] "GET /favicon.ico HTTP/1.1" 302 - "https://www.pelican.lrindo.com/" "Mozilla/5.0 (iPhone; CPU iPhone OS 18_6 like Mac OS X) AppleWebKit/605.1.15 (KHTML, like Gecko) Version/26.6 Mobile/15E148 Safari/604.1"
209.182.193.228 - - [03/Sep/2026:20:25:07 +0800] "POST /wp-cron.php?doing_wp_cron=1788438307.1854619979858398437500 HTTP/1.1" 200 - "-" "WordPress/6.4.10; https://pelican.lrindo.com"
107.189.31.33 - - [03/Sep/2026:20:25:18 +0800] "HEAD //final_pelican.zip HTTP/1.1" 200 - "-" "Mozilla/5.0 (compatible; MSIE 10.0; Windows NT 6.1; Trident/6.0)"
23.82.96.181 - - [03/Sep/2026:20:25:18 +0800] "HEAD //pelican.zip HTTP/1.1" 200 - "-" "Mozilla/5.0 (compatible; MSIE 10.0; Windows NT 6.1; Trident/6.0)"
23.82.96.181 - - [03/Sep/2026:20:25:19 +0800] "GET //pelican.zip HTTP/1.1" 200 169594025 "-" "Mozilla/5.0 (compatible; MSIE 10.0; Windows NT 6.1; Trident/6.0)"
138.201.91.72 - - [03/Sep/2026:20:25:31 +0800] "GET /wp-login.php HTTP/1.1" 200 6831 "-" "Mozilla/5.0 (Windows NT 10.0; Win64; x64) AppleWebKit/537.36 (KHTML, like Gecko) Chrome/151.0.0.0 Safari/537.36"
138.201.91.72 - - [03/Sep/2026:20:25:33 +0800] "POST /wp-login.php HTTP/1.1" 200 7313 "https://pelican.lrindo.com/wp-login.php" "Mozilla/5.0 (Windows NT 10.0; Win64; x64) AppleWebKit/537.36 (KHTML, like Gecko) Chrome/151.0.0.0 Safari/537.36"
185.137.164.10 - - [03/Sep/2026:20:25:48 +0800] "HEAD //pelican.zip HTTP/1.1" 200 - "-" "Mozilla/5.0 (compatible; MSIE 10.0; Windows NT 6.1; Trident/6.0)"
38.165.231.86 - - [03/Sep/2026:20:25:49 +0800] "HEAD //final_pelican.zip HTTP/1.1" 200 - "-" "Mozilla/5.0 (compatible; MSIE 10.0; Windows NT 6.1; Trident/6.0)"
185.137.164.10 - - [03/Sep/2026:20:25:48 +0800] "GET //pelican.zip HTTP/1.1" 200 169594025 "-" "Mozilla/5.0 (compatible; MSIE 10.0; Windows NT 6.1; Trident/6.0)"
46.62.234.38 - - [03/Sep/2026:20:25:55 +0800] "GET //w.php HTTP/1.1" 200 70932 "-" "Mozilla/5.0 (Linux; Android 10; K) AppleWebKit/537.36 (KHTML, like Gecko) Chrome/150.0.0.0 Mobile Safari/537.36"
38.165.231.86 - - [03/Sep/2026:20:25:50 +0800] "GET //final_pelican.zip HTTP/1.1" 200 167963430 "-" "Mozilla/5.0 (compatible; MSIE 10.0; Windows NT 6.1; Trident/6.0)"
46.62.234.38 - - [03/Sep/2026:20:25:57 +0800] "HEAD //final_pelican.zip HTTP/1.1" 200 - "-" "Mozilla/5.0 (compatible; MSIE 10.0; Windows NT 6.1; Trident/6.0)"
46.62.234.38 - - [03/Sep/2026:20:25:58 +0800] "GET //final_pelican.zip HTTP/1.1" 200 167963430 "-" "Mozilla/5.0 (compatible; MSIE 10.0; Windows NT 6.1; Trident/6.0)"
46.62.234.38 - - [03/Sep/2026:20:26:04 +0800] "HEAD //pelican.zip HTTP/1.1" 200 - "-" "Mozilla/5.0 (compatible; MSIE 10.0; Windows NT 6.1; Trident/6.0)"
46.62.234.38 - - [03/Sep/2026:20:26:05 +0800] "GET //w.php HTTP/1.1" 200 70932 "-" "Mozilla/5.0 (Linux; Android 15; SM-S938B) AppleWebKit/537.36 (KHTML, like Gecko) Chrome/150.0.0.0 Mobile Safari/537.36"
46.62.234.38 - - [03/Sep/2026:20:26:04 +0800] "GET //pelican.zip HTTP/1.1" 200 169594025 "-" "Mozilla/5.0 (compatible; MSIE 10.0; Windows NT 6.1; Trident/6.0)"
46.62.234.38 - - [03/Sep/2026:20:26:14 +0800] "GET /favicon.ico HTTP/1.1" 302 - "https://pelican.lrindo.com//w.php" "Mozilla/5.0 (Linux; Android 15; SM-S938B) AppleWebKit/537.36 (KHTML, like Gecko) Chrome/150.0.0.0 Mobile Safari/537.36"
209.182.193.228 - - [03/Sep/2026:20:26:15 +0800] "POST /wp-cron.php?doing_wp_cron=1788438375.6182010173797607421875 HTTP/1.1" 200 - "-" "WordPress/6.4.10; https://pelican.lrindo.com"
46.62.173.36 - - [03/Sep/2026:20:26:18 +0800] "HEAD //final_pelican.zip HTTP/1.1" 200 - "-" "Mozilla/5.0 (compatible; MSIE 10.0; Windows NT 6.1; Trident/6.0)"
46.62.173.36 - - [03/Sep/2026:20:26:19 +0800] "GET //final_pelican.zip HTTP/1.1" 200 167963430 "-" "Mozilla/5.0 (compatible; MSIE 10.0; Windows NT 6.1; Trident/6.0)"
38.57.2.170 - - [03/Sep/2026:20:30:05 +0800] "GET //c28ee HTTP/1.1" 301 - "-" "Mozilla/5.0 (Linux; arm_64; Android 15; 23108RN04Y) AppleWebKit/537.36 (KHTML, like Gecko) Chrome/148.0.7778.39 YaSearchBrowser/26.67.1 BroPP/1.0 YaSearchApp/26.67.1 webOmni Mobile Safari/537.36"
57.131.13.101 - - [03/Sep/2026:20:30:07 +0800] "GET //c254f HTTP/1.1" 301 - "-" "Mozilla/5.0 (iPhone; CPU iPhone OS 16_0 like Mac OS X) AppleWebKit/605.1.15 (KHTML, like Gecko) Version/16.0 Mobile/15E148 Safari/604.1"
141.98.103.251 - - [03/Sep/2026:20:30:07 +0800] "GET //c28ee HTTP/1.1" 301 - "-" "Mozilla/5.0 (Linux; Android 10; K) AppleWebKit/537.36 (KHTML, like Gecko) Chrome/150.0.0.0 Mobile Safari/537.36"
129.227.97.125 - - [03/Sep/2026:20:30:09 +0800] "GET //c254f HTTP/1.1" 301 - "-" "Mozilla/5.0 (X11; Linux x86_64) AppleWebKit/537.36 (KHTML, like Gecko) Chrome/151.0.0.0 Safari/537.36"
38.57.2.170 - - [03/Sep/2026:20:30:09 +0800] "GET //c28ee HTTP/1.1" 301 - "https://www.pelican.lrindo.com//c28ee" "Mozilla/5.0 (Linux; arm_64; Android 15; 23108RN04Y) AppleWebKit/537.36 (KHTML, like Gecko) Chrome/148.0.7778.39 YaSearchBrowser/26.67.1 BroPP/1.0 YaSearchApp/26.67.1 webOmni Mobile Safari/537.36"
57.131.13.101 - - [03/Sep/2026:20:30:11 +0800] "GET //c254f HTTP/1.1" 301 - "https://www.pelican.lrindo.com//c254f" "Mozilla/5.0 (iPhone; CPU iPhone OS 16_0 like Mac OS X) AppleWebKit/605.1.15 (KHTML, like Gecko) Version/16.0 Mobile/15E148 Safari/604.1"
141.98.103.251 - - [03/Sep/2026:20:30:12 +0800] "GET //c28ee HTTP/1.1" 301 - "https://www.pelican.lrindo.com//c28ee" "Mozilla/5.0 (Linux; Android 10; K) AppleWebKit/537.36 (KHTML, like Gecko) Chrome/150.0.0.0 Mobile Safari/537.36"
94.197.232.69 - - [03/Sep/2026:20:30:14 +0800] "GET //2c034 HTTP/1.1" 301 - "-" "Mozilla/5.0 (Linux; Android 15; SM-S938B) AppleWebKit/537.36 (KHTML, like Gecko) Chrome/150.0.0.0 Mobile Safari/537.36"
57.131.13.101 - - [03/Sep/2026:20:30:14 +0800] "GET /c254f HTTP/1.1" 404 372484 "https://pelican.lrindo.com//c254f" "Mozilla/5.0 (iPhone; CPU iPhone OS 16_0 like Mac OS X) AppleWebKit/605.1.15 (KHTML, like Gecko) Version/16.0 Mobile/15E148 Safari/604.1"
38.57.2.170 - - [03/Sep/2026:20:30:15 +0800] "GET /c28ee HTTP/1.1" 404 372486 "https://pelican.lrindo.com//c28ee" "Mozilla/5.0 (Linux; arm_64; Android 15; 23108RN04Y) AppleWebKit/537.36 (KHTML, like Gecko) Chrome/148.0.7778.39 YaSearchBrowser/26.67.1 BroPP/1.0 YaSearchApp/26.67.1 webOmni Mobile Safari/537.36"
149.102.232.230 - - [03/Sep/2026:20:30:16 +0800] "GET //2c034 HTTP/1.1" 301 - "-" "Mozilla/5.0 (iPhone; CPU iPhone OS 18_6 like Mac OS X) AppleWebKit/605.1.15 (KHTML, like Gecko) CriOS/152.0.7977.64 Mobile/15E148 Safari/604.1"
209.182.193.228 - - [03/Sep/2026:20:30:11 +0800] "POST /wp-cron.php?doing_wp_cron=1788438611.4031579494476318359375 HTTP/1.1" 200 - "-" "WordPress/6.4.10; https://pelican.lrindo.com"
46.101.70.221 - - [03/Sep/2026:20:30:16 +0800] "GET //2c034 HTTP/1.1" 301 - "-" "Mozilla/5.0 (Linux; Android 10; K) AppleWebKit/537.36 (KHTML, like Gecko) Chrome/146.0.0.0 Mobile Safari/537.36"
129.227.97.125 - - [03/Sep/2026:20:30:16 +0800] "GET //c254f HTTP/1.1" 301 - "https://www.pelican.lrindo.com//c254f" "Mozilla/5.0 (X11; Linux x86_64) AppleWebKit/537.36 (KHTML, like Gecko) Chrome/151.0.0.0 Safari/537.36"
86.18.50.103 - - [03/Sep/2026:20:30:17 +0800] "GET //2c034 HTTP/1.1" 301 - "-" "Mozilla/5.0 (Linux; Android 15; SM-S938B) AppleWebKit/537.36 (KHTML, like Gecko) Chrome/150.0.0.0 Mobile Safari/537.36"
141.98.103.251 - - [03/Sep/2026:20:30:15 +0800] "GET /c28ee HTTP/1.1" 404 372486 "https://pelican.lrindo.com//c28ee" "Mozilla/5.0 (Linux; Android 10; K) AppleWebKit/537.36 (KHTML, like Gecko) Chrome/150.0.0.0 Mobile Safari/537.36"
94.197.232.69 - - [03/Sep/2026:20:30:20 +0800] "GET //2c034 HTTP/1.1" 301 - "https://www.pelican.lrindo.com//2c034" "Mozilla/5.0 (Linux; Android 15; SM-S938B) AppleWebKit/537.36 (KHTML, like Gecko) Chrome/150.0.0.0 Mobile Safari/537.36"
149.102.232.230 - - [03/Sep/2026:20:30:20 +0800] "GET //2c034 HTTP/1.1" 301 - "https://www.pelican.lrindo.com//2c034" "Mozilla/5.0 (iPhone; CPU iPhone OS 18_6 like Mac OS X) AppleWebKit/605.1.15 (KHTML, like Gecko) CriOS/152.0.7977.64 Mobile/15E148 Safari/604.1"
209.38.171.212 - - [03/Sep/2026:20:30:22 +0800] "GET //09f2af6230af.php HTTP/1.1" 200 7 "-" "Mozilla/5.0 (iPhone; CPU iPhone OS 18_6 like Mac OS X) AppleWebKit/605.1.15 (KHTML, like Gecko) Version/26.6 Mobile/15E148 Safari/604.1"
46.101.70.221 - - [03/Sep/2026:20:30:20 +0800] "GET /2c034 HTTP/1.1" 404 372486 "https://pelican.lrindo.com//2c034" "Mozilla/5.0 (Linux; Android 10; K) AppleWebKit/537.36 (KHTML, like Gecko) Chrome/146.0.0.0 Mobile Safari/537.36"
185.216.35.70 - - [03/Sep/2026:20:30:23 +0800] "GET //399f416623index.php HTTP/1.1" 200 52285 "-" "Mozilla/5.0 (Android 10; Mobile; rv:154.0.1) Gecko/154.0.1 Firefox/154.0.1"
86.18.50.103 - - [03/Sep/2026:20:30:21 +0800] "GET /2c034 HTTP/1.1" 404 372486 "https://pelican.lrindo.com//2c034" "Mozilla/5.0 (Linux; Android 15; SM-S938B) AppleWebKit/537.36 (KHTML, like Gecko) Chrome/150.0.0.0 Mobile Safari/537.36"
129.227.97.125 - - [03/Sep/2026:20:30:20 +0800] "GET /c254f HTTP/1.1" 404 372486 "https://pelican.lrindo.com//c254f" "Mozilla/5.0 (X11; Linux x86_64) AppleWebKit/537.36 (KHTML, like Gecko) Chrome/151.0.0.0 Safari/537.36"
79.127.252.66 - - [03/Sep/2026:20:30:25 +0800] "GET //034dc263cdindex.php HTTP/1.1" 200 51457 "-" "Mozilla/5.0 (Linux; Android 10; K) AppleWebKit/537.36 (KHTML, like Gecko) Chrome/146.0.0.0 Mobile Safari/537.36"
94.197.232.69 - - [03/Sep/2026:20:30:25 +0800] "GET /2c034 HTTP/1.1" 404 372486 "https://pelican.lrindo.com//2c034" "Mozilla/5.0 (Linux; Android 15; SM-S938B) AppleWebKit/537.36 (KHTML, like Gecko) Chrome/150.0.0.0 Mobile Safari/537.36"
149.102.232.230 - - [03/Sep/2026:20:30:26 +0800] "GET /2c034 HTTP/1.1" 404 372486 "https://pelican.lrindo.com//2c034" "Mozilla/5.0 (iPhone; CPU iPhone OS 18_6 like Mac OS X) AppleWebKit/605.1.15 (KHTML, like Gecko) CriOS/152.0.7977.64 Mobile/15E148 Safari/604.1"
103.177.249.206 - - [03/Sep/2026:20:30:27 +0800] "GET //85403 HTTP/1.1" 301 - "-" "Mozilla/5.0 (Linux; arm_64; Android 15; 23108RN04Y) AppleWebKit/537.36 (KHTML, like Gecko) Chrome/148.0.7778.39 YaSearchBrowser/26.67.1 BroPP/1.0 YaSearchApp/26.67.1 webOmni Mobile Safari/537.36"
158.173.166.35 - - [03/Sep/2026:20:30:28 +0800] "GET //.251509513535575.php HTTP/1.1" 301 - "-" "Mozilla/5.0 (Linux; Android 13; moto e13 Build/TLAS33.105-285-7) AppleWebKit/537.36 (KHTML, like Gecko) Chrome/150.0.7871.183 Mobile Safari/537.36"
109.248.149.39 - - [03/Sep/2026:20:30:29 +0800] "GET //.747539546952737.php HTTP/1.1" 301 - "-" "Mozilla/5.0 (Linux; Android 10; K) AppleWebKit/537.36 (KHTML, like Gecko) Chrome/148.0.0.0 Mobile Safari/537.36"
145.239.90.82 - - [03/Sep/2026:20:30:29 +0800] "GET //85403 HTTP/1.1" 301 - "-" "Mozilla/5.0 (Linux; Android 10; K) AppleWebKit/537.36 (KHTML, like Gecko) Chrome/149.0.0.0 Mobile Safari/537.36"
23.82.96.182 - - [03/Sep/2026:20:30:30 +0800] "GET //.htaccess HTTP/1.1" 301 - "-" "Mozilla/5.0 (Linux, Android 10, K) AppleWebKit/537.36 (KHTML, like Gecko) Chrome/143.0.0.0 Mobile Safari/537.36"
128.90.119.97 - - [03/Sep/2026:20:30:30 +0800] "GET //.160362046765424.php HTTP/1.1" 301 - "-" "Mozilla/5.0 (Linux; Android 13; moto e13 Build/TLAS33.105-285-7) AppleWebKit/537.36 (KHTML, like Gecko) Chrome/150.0.7871.183 Mobile Safari/537.36"
103.177.249.206 - - [03/Sep/2026:20:30:30 +0800] "GET /85403 HTTP/1.1" 404 372486 "https://pelican.lrindo.com//85403" "Mozilla/5.0 (Linux; arm_64; Android 15; 23108RN04Y) AppleWebKit/537.36 (KHTML, like Gecko) Chrome/148.0.7778.39 YaSearchBrowser/26.67.1 BroPP/1.0 YaSearchApp/26.67.1 webOmni Mobile Safari/537.36"
178.175.148.155 - - [03/Sep/2026:20:30:31 +0800] "GET //.829062427411508.php HTTP/1.1" 301 - "-" "Mozilla/5.0 (Linux; arm_64; Android 16; SM-S928B) AppleWebKit/537.36 (KHTML, like Gecko) Chrome/150.0.7871.308 YaBrowser/26.8.0.308.00 Mobile Safari/537.36"
158.173.166.35 - - [03/Sep/2026:20:30:32 +0800] "GET /.251509513535575.php HTTP/1.1" 404 372486 "https://pelican.lrindo.com//.251509513535575.php" "Mozilla/5.0 (Linux; Android 13; moto e13 Build/TLAS33.105-285-7) AppleWebKit/537.36 (KHTML, like Gecko) Chrome/150.0.7871.183 Mobile Safari/537.36"
145.239.90.82 - - [03/Sep/2026:20:30:33 +0800] "GET //85403 HTTP/1.1" 301 - "-" "Mozilla/5.0 (Linux; Android 10; K) AppleWebKit/537.36 (KHTML, like Gecko) Chrome/149.0.0.0 Mobile Safari/537.36"
145.239.90.82 - - [03/Sep/2026:20:30:32 +0800] "GET /85403 HTTP/1.1" 404 372486 "https://pelican.lrindo.com//85403" "Mozilla/5.0 (Linux; Android 10; K) AppleWebKit/537.36 (KHTML, like Gecko) Chrome/149.0.0.0 Mobile Safari/537.36"
23.82.96.182 - - [03/Sep/2026:20:30:33 +0800] "GET /.htaccess HTTP/1.1" 404 372486 "https://pelican.lrindo.com//.htaccess" "Mozilla/5.0 (Linux, Android 10, K) AppleWebKit/537.36 (KHTML, like Gecko) Chrome/143.0.0.0 Mobile Safari/537.36"
109.248.149.39 - - [03/Sep/2026:20:30:33 +0800] "GET /.747539546952737.php HTTP/1.1" 404 372486 "https://pelican.lrindo.com//.747539546952737.php" "Mozilla/5.0 (Linux; Android 10; K) AppleWebKit/537.36 (KHTML, like Gecko) Chrome/148.0.0.0 Mobile Safari/537.36"
178.175.148.155 - - [03/Sep/2026:20:30:35 +0800] "GET /.829062427411508.php HTTP/1.1" 404 372486 "https://pelican.lrindo.com//.829062427411508.php" "Mozilla/5.0 (Linux; arm_64; Android 16; SM-S928B) AppleWebKit/537.36 (KHTML, like Gecko) Chrome/150.0.7871.308 YaBrowser/26.8.0.308.00 Mobile Safari/537.36"
145.239.90.82 - - [03/Sep/2026:20:30:37 +0800] "GET //85403 HTTP/1.1" 301 - "https://www.pelican.lrindo.com//85403" "Mozilla/5.0 (Linux; Android 10; K) AppleWebKit/537.36 (KHTML, like Gecko) Chrome/149.0.0.0 Mobile Safari/537.36"
128.90.119.97 - - [03/Sep/2026:20:30:41 +0800] "GET /.160362046765424.php HTTP/1.1" 404 372486 "https://pelican.lrindo.com//.160362046765424.php" "Mozilla/5.0 (Linux; Android 13; moto e13 Build/TLAS33.105-285-7) AppleWebKit/537.36 (KHTML, like Gecko) Chrome/150.0.7871.183 Mobile Safari/537.36"
145.239.90.82 - - [03/Sep/2026:20:30:41 +0800] "GET /85403 HTTP/1.1" 404 372486 "https://pelican.lrindo.com//85403" "Mozilla/5.0 (Linux; Android 10; K) AppleWebKit/537.36 (KHTML, like Gecko) Chrome/149.0.0.0 Mobile Safari/537.36"
198.44.138.89 - - [03/Sep/2026:20:31:20 +0800] "GET //.160362046765424.php HTTP/1.1" 200 - "-" "Mozilla/5.0 (iPhone; CPU iPhone OS 17_6 like Mac OS X) AppleWebKit/605.1.15 (KHTML, like Gecko) Version/17.6 Mobile/15E148 Safari/604.1"
209.50.228.94 - - [03/Sep/2026:20:31:20 +0800] "GET //.626672646183188.php HTTP/1.1" 301 - "-" "Mozilla/5.0 (Macintosh; Intel Mac OS X 10_15_7) AppleWebKit/537.36 (KHTML, like Gecko) Chrome/137.0.0.0 Safari/537.36"
198.44.133.26 - - [03/Sep/2026:20:31:25 +0800] "GET //.829062427411508.php HTTP/1.1" 301 - "-" "Mozilla/5.0 (Linux; arm_64; Android 16; SM-S928B) AppleWebKit/537.36 (KHTML, like Gecko) Chrome/150.0.7871.308 YaBrowser/26.8.0.308.00 Mobile Safari/537.36"
23.80.89.38 - - [03/Sep/2026:20:31:26 +0800] "GET //.747539546952737.php HTTP/1.1" 200 - "-" "Mozilla/5.0 (Windows NT 10.0; Win64; x64) AppleWebKit/537.36 (KHTML, like Gecko) Chrome/109.0.0.0 Safari/537.36"
38.57.2.170 - - [03/Sep/2026:20:31:25 +0800] "GET //.251509513535575.php HTTP/1.1" 301 - "-" "Mozilla/5.0 (iPhone; CPU iPhone OS 18_6 like Mac OS X) AppleWebKit/605.1.15 (KHTML, like Gecko) CriOS/152.0.7977.64 Mobile/15E148 Safari/604.1"
65.130.8.16 - - [03/Sep/2026:20:31:25 +0800] "GET //.077101315101359.php HTTP/1.1" 301 - "-" "Mozilla/5.0 (Linux; Android 10; K) AppleWebKit/537.36 (KHTML, like Gecko) Chrome/150.0.0.0 Mobile Safari/537.36"
209.50.228.94 - - [03/Sep/2026:20:31:25 +0800] "GET //.626672646183188.php HTTP/1.1" 301 - "https://www.pelican.lrindo.com//.626672646183188.php" "Mozilla/5.0 (Macintosh; Intel Mac OS X 10_15_7) AppleWebKit/537.36 (KHTML, like Gecko) Chrome/137.0.0.0 Safari/537.36"
209.182.193.228 - - [03/Sep/2026:20:31:26 +0800] "POST /wp-cron.php?doing_wp_cron=1788438686.5014340877532958984375 HTTP/1.1" 200 - "-" "WordPress/6.4.10; https://pelican.lrindo.com"
198.44.133.26 - - [03/Sep/2026:20:31:30 +0800] "GET //.829062427411508.php HTTP/1.1" 301 - "https://www.pelican.lrindo.com//.829062427411508.php" "Mozilla/5.0 (Linux; arm_64; Android 16; SM-S928B) AppleWebKit/537.36 (KHTML, like Gecko) Chrome/150.0.7871.308 YaBrowser/26.8.0.308.00 Mobile Safari/537.36"
38.57.2.170 - - [03/Sep/2026:20:31:30 +0800] "GET //.251509513535575.php HTTP/1.1" 301 - "https://www.pelican.lrindo.com//.251509513535575.php" "Mozilla/5.0 (iPhone; CPU iPhone OS 18_6 like Mac OS X) AppleWebKit/605.1.15 (KHTML, like Gecko) CriOS/152.0.7977.64 Mobile/15E148 Safari/604.1"
209.50.228.94 - - [03/Sep/2026:20:31:29 +0800] "GET /.626672646183188.php HTTP/1.1" 404 372455 "https://pelican.lrindo.com//.626672646183188.php" "Mozilla/5.0 (Macintosh; Intel Mac OS X 10_15_7) AppleWebKit/537.36 (KHTML, like Gecko) Chrome/137.0.0.0 Safari/537.36"
65.130.8.16 - - [03/Sep/2026:20:31:31 +0800] "GET //.077101315101359.php HTTP/1.1" 301 - "https://www.pelican.lrindo.com//.077101315101359.php" "Mozilla/5.0 (Linux; Android 10; K) AppleWebKit/537.36 (KHTML, like Gecko) Chrome/150.0.0.0 Mobile Safari/537.36"
38.57.2.170 - - [03/Sep/2026:20:31:33 +0800] "GET /.251509513535575.php HTTP/1.1" 404 372486 "https://pelican.lrindo.com//.251509513535575.php" "Mozilla/5.0 (iPhone; CPU iPhone OS 18_6 like Mac OS X) AppleWebKit/605.1.15 (KHTML, like Gecko) CriOS/152.0.7977.64 Mobile/15E148 Safari/604.1"
198.44.133.26 - - [03/Sep/2026:20:31:34 +0800] "GET /.829062427411508.php HTTP/1.1" 404 372486 "https://pelican.lrindo.com//.829062427411508.php" "Mozilla/5.0 (Linux; arm_64; Android 16; SM-S928B) AppleWebKit/537.36 (KHTML, like Gecko) Chrome/150.0.7871.308 YaBrowser/26.8.0.308.00 Mobile Safari/537.36"
65.130.8.16 - - [03/Sep/2026:20:31:35 +0800] "GET /.077101315101359.php HTTP/1.1" 404 372486 "https://pelican.lrindo.com//.077101315101359.php" "Mozilla/5.0 (Linux; Android 10; K) AppleWebKit/537.36 (KHTML, like Gecko) Chrome/150.0.0.0 Mobile Safari/537.36"
209.38.171.212 - - [03/Sep/2026:20:32:11 +0800] "GET //09f2af6230af.php HTTP/1.1" 200 7 "-" "Mozilla/5.0 (iPhone; CPU iPhone OS 18_6 like Mac OS X) AppleWebKit/605.1.15 (KHTML, like Gecko) Version/26.6 Mobile/15E148 Safari/604.1"
209.38.171.212 - - [03/Sep/2026:20:32:11 +0800] "GET /favicon.ico HTTP/1.1" 302 - "https://pelican.lrindo.com//09f2af6230af.php" "Mozilla/5.0 (iPhone; CPU iPhone OS 18_6 like Mac OS X) AppleWebKit/605.1.15 (KHTML, like Gecko) Version/26.6 Mobile/15E148 Safari/604.1"
79.127.252.66 - - [03/Sep/2026:20:32:14 +0800] "GET //034dc263cdindex.php HTTP/1.1" 200 50018 "-" "Mozilla/5.0 (Linux; Android 10; K) AppleWebKit/537.36 (KHTML, like Gecko) Chrome/146.0.0.0 Mobile Safari/537.36"
209.38.171.212 - - [03/Sep/2026:20:32:14 +0800] "GET /wp-includes/images/w-logo-blue-white-bg.png HTTP/1.1" 200 4119 "https://pelican.lrindo.com//09f2af6230af.php" "Mozilla/5.0 (iPhone; CPU iPhone OS 18_6 like Mac OS X) AppleWebKit/605.1.15 (KHTML, like Gecko) Version/26.6 Mobile/15E148 Safari/604.1"
209.182.193.228 - - [03/Sep/2026:20:32:13 +0800] "POST /wp-cron.php?doing_wp_cron=1788438733.3313899040222167968750 HTTP/1.1" 200 - "-" "WordPress/6.4.10; https://pelican.lrindo.com"
79.127.252.66 - - [03/Sep/2026:20:32:15 +0800] "GET /favicon.ico HTTP/1.1" 302 - "https://pelican.lrindo.com//034dc263cdindex.php" "Mozilla/5.0 (Linux; Android 10; K) AppleWebKit/537.36 (KHTML, like Gecko) Chrome/146.0.0.0 Mobile Safari/537.36"
79.127.252.66 - - [03/Sep/2026:20:32:17 +0800] "GET /wp-includes/images/w-logo-blue-white-bg.png HTTP/1.1" 200 4119 "https://pelican.lrindo.com//034dc263cdindex.php" "Mozilla/5.0 (Linux; Android 10; K) AppleWebKit/537.36 (KHTML, like Gecko) Chrome/146.0.0.0 Mobile Safari/537.36"
185.216.35.70 - - [03/Sep/2026:20:32:19 +0800] "GET //399f416623index.php HTTP/1.1" 200 50627 "-" "Mozilla/5.0 (Android 10; Mobile; rv:154.0.1) Gecko/154.0.1 Firefox/154.0.1"
185.216.35.70 - - [03/Sep/2026:20:32:20 +0800] "GET /favicon.ico HTTP/1.1" 302 - "https://pelican.lrindo.com//399f416623index.php" "Mozilla/5.0 (Android 10; Mobile; rv:154.0.1) Gecko/154.0.1 Firefox/154.0.1"
185.216.35.70 - - [03/Sep/2026:20:32:21 +0800] "GET /wp-includes/images/w-logo-blue-white-bg.png HTTP/1.1" 200 4119 "https://pelican.lrindo.com//399f416623index.php" "Mozilla/5.0 (Android 10; Mobile; rv:154.0.1) Gecko/154.0.1 Firefox/154.0.1"
24.144.77.78 - - [03/Sep/2026:20:32:35 +0800] "GET //50ef07e774index.php HTTP/1.1" 200 50017 "-" "Mozilla/5.0 (iPhone; CPU iPhone OS 9_0 like Mac OS X) AppleWebKit/601.1.46 (KHTML, like Gecko) Version/9.0 Mobile/13A340 Safari/601.1"
165.231.253.250 - - [03/Sep/2026:20:32:39 +0800] "GET //.077101315101359.php HTTP/1.1" 200 - "-" "Mozilla/5.0 (iPhone; CPU iPhone OS 11_0 like Mac OS X) AppleWebKit/604.1.38 (KHTML, like Gecko) Version/11.0 Mobile/15A372 Safari/604.1"
154.47.29.165 - - [03/Sep/2026:20:32:39 +0800] "GET //2c034 HTTP/1.1" 301 - "-" "Mozilla/5.0 (iPhone; CPU iPhone OS 17_6 like Mac OS X) AppleWebKit/605.1.15 (KHTML, like Gecko) Version/17.6 Mobile/15E148 Safari/604.1"
62.93.176.87 - - [03/Sep/2026:20:32:39 +0800] "GET //c254f HTTP/1.1" 301 - "-" "Mozilla/5.0 (iPhone; CPU iPhone OS 18_0 like Mac OS X) AppleWebKit/605.1.15 (KHTML, like Gecko) CriOS/152.0.7977.64 Mobile/15E148 Safari/604.1"
184.151.190.215 - - [03/Sep/2026:20:32:41 +0800] "GET //2c034 HTTP/1.1" 301 - "-" "Mozilla/5.0 (iPad; CPU OS 26_0_1 like Mac OS X) AppleWebKit/605.1.15 (KHTML, like Gecko) Brave/1 Mobile/15E148 Safari/604.1"
88.97.176.205 - - [03/Sep/2026:20:32:42 +0800] "GET //.htaccess HTTP/1.1" 301 - "-" "Mozilla/5.0 (iPhone; CPU iPhone OS 17_6 like Mac OS X) AppleWebKit/605.1.15 (KHTML, like Gecko) Version/17.6 Mobile/15E148 Safari/604.1"
77.48.28.237 - - [03/Sep/2026:20:32:44 +0800] "GET //.829062427411508.php HTTP/1.1" 200 - "-" "Mozilla/5.0 (iPhone; U; CPU iPhone OS 4_0 like Mac OS X) AppleWebKit/533.0.0 (KHTML, like Gecko) Version/5.0.0 Mobile/8C148a Safari/6533.0.0;"
62.93.176.87 - - [03/Sep/2026:20:32:43 +0800] "GET //c254f HTTP/1.1" 301 - "https://www.pelican.lrindo.com//c254f" "Mozilla/5.0 (iPhone; CPU iPhone OS 18_0 like Mac OS X) AppleWebKit/605.1.15 (KHTML, like Gecko) CriOS/152.0.7977.64 Mobile/15E148 Safari/604.1"
128.90.175.101 - - [03/Sep/2026:20:32:43 +0800] "GET //.251509513535575.php HTTP/1.1" 301 - "-" "Mozilla/5.0 (iPhone; CPU iPhone OS 18_6 like Mac OS X) AppleWebKit/605.1.15 (KHTML, like Gecko) CriOS/152.0.7977.64 Mobile/15E148 Safari/604.1"
154.47.29.165 - - [03/Sep/2026:20:32:43 +0800] "GET /2c034 HTTP/1.1" 404 372485 "https://pelican.lrindo.com//2c034" "Mozilla/5.0 (iPhone; CPU iPhone OS 17_6 like Mac OS X) AppleWebKit/605.1.15 (KHTML, like Gecko) Version/17.6 Mobile/15E148 Safari/604.1"
184.151.190.215 - - [03/Sep/2026:20:32:46 +0800] "GET //2c034 HTTP/1.1" 301 - "https://www.pelican.lrindo.com//2c034" "Mozilla/5.0 (iPad; CPU OS 26_0_1 like Mac OS X) AppleWebKit/605.1.15 (KHTML, like Gecko) Brave/1 Mobile/15E148 Safari/604.1"
88.97.176.205 - - [03/Sep/2026:20:32:46 +0800] "GET /.htaccess HTTP/1.1" 404 372486 "https://pelican.lrindo.com//.htaccess" "Mozilla/5.0 (iPhone; CPU iPhone OS 17_6 like Mac OS X) AppleWebKit/605.1.15 (KHTML, like Gecko) Version/17.6 Mobile/15E148 Safari/604.1"
128.90.175.101 - - [03/Sep/2026:20:32:47 +0800] "GET /.251509513535575.php HTTP/1.1" 404 372486 "https://pelican.lrindo.com//.251509513535575.php" "Mozilla/5.0 (iPhone; CPU iPhone OS 18_6 like Mac OS X) AppleWebKit/605.1.15 (KHTML, like Gecko) CriOS/152.0.7977.64 Mobile/15E148 Safari/604.1"
209.182.193.228 - - [03/Sep/2026:20:32:48 +0800] "POST /wp-cron.php?doing_wp_cron=1788438768.8128459453582763671875 HTTP/1.1" 200 - "-" "WordPress/6.4.10; https://pelican.lrindo.com"
62.93.176.87 - - [03/Sep/2026:20:32:47 +0800] "GET /c254f HTTP/1.1" 404 372519 "https://pelican.lrindo.com//c254f" "Mozilla/5.0 (iPhone; CPU iPhone OS 18_0 like Mac OS X) AppleWebKit/605.1.15 (KHTML, like Gecko) CriOS/152.0.7977.64 Mobile/15E148 Safari/604.1"
184.151.190.215 - - [03/Sep/2026:20:32:49 +0800] "GET /2c034 HTTP/1.1" 404 372455 "https://pelican.lrindo.com//2c034" "Mozilla/5.0 (iPad; CPU OS 26_0_1 like Mac OS X) AppleWebKit/605.1.15 (KHTML, like Gecko) Brave/1 Mobile/15E148 Safari/604.1"
77.42.64.154 - - [03/Sep/2026:20:32:50 +0800] "GET //.160362046765424.php HTTP/1.1" 301 - "-" "Mozilla/5.0 (iPhone; CPU iPhone OS 6_0 like Mac OS X) AppleWebKit/536.26 (KHTML, like Gecko) Version/6.0 Mobile/10A5376e Safari/8536.25"
147.90.209.18 - - [03/Sep/2026:20:32:51 +0800] "GET //85403 HTTP/1.1" 301 - "-" "Mozilla/5.0 (iPhone; CPU iPhone OS 16_0 like Mac OS X) AppleWebKit/605.1.15 (KHTML, like Gecko) Version/16.0 Mobile/15E148 Safari/604.1"
77.42.64.154 - - [03/Sep/2026:20:32:54 +0800] "GET /.160362046765424.php HTTP/1.1" 404 372486 "https://pelican.lrindo.com//.160362046765424.php" "Mozilla/5.0 (iPhone; CPU iPhone OS 6_0 like Mac OS X) AppleWebKit/536.26 (KHTML, like Gecko) Version/6.0 Mobile/10A5376e Safari/8536.25"
147.90.209.18 - - [03/Sep/2026:20:32:57 +0800] "GET /85403 HTTP/1.1" 404 372486 "https://pelican.lrindo.com//85403" "Mozilla/5.0 (iPhone; CPU iPhone OS 16_0 like Mac OS X) AppleWebKit/605.1.15 (KHTML, like Gecko) Version/16.0 Mobile/15E148 Safari/604.1"
88.97.176.205 - - [03/Sep/2026:20:33:07 +0800] "GET //09f2af6230af.php HTTP/1.1" 200 7 "-" "Mozilla/5.0 (iPhone; CPU iPhone OS 18_6 like Mac OS X) AppleWebKit/605.1.15 (KHTML, like Gecko) Version/26.6 Mobile/15E148 Safari/604.1"
103.177.249.206 - - [03/Sep/2026:20:33:07 +0800] "GET //09f2af6230af.php HTTP/1.1" 200 7 "-" "Mozilla/5.0 (Linux; arm_64; Android 13; TECNO KI7) AppleWebKit/537.36 (KHTML, like Gecko) Chrome/148.0.7778.32 YaBrowser/26.6.7.32.00 Mobile Safari/537.36"
24.144.77.78 - - [03/Sep/2026:20:33:57 +0800] "GET //50ef07e774index.php HTTP/1.1" 200 48578 "-" "Mozilla/5.0 (Windows NT 10.0; Win64; x64) AppleWebKit/537.36 (KHTML, like Gecko) Chrome/150.0.0.0 Safari/537.36 Edg/150.0.0.0"
24.144.77.78 - - [03/Sep/2026:20:33:58 +0800] "HEAD //final_pelican.zip HTTP/1.1" 200 - "-" "Mozilla/5.0 (compatible; MSIE 10.0; Windows NT 6.1; Trident/6.0)"
24.144.77.78 - - [03/Sep/2026:20:33:58 +0800] "GET //final_pelican.zip HTTP/1.1" 200 167963430 "-" "Mozilla/5.0 (compatible; MSIE 10.0; Windows NT 6.1; Trident/6.0)"
24.144.77.78 - - [03/Sep/2026:20:34:04 +0800] "HEAD //pelican.zip HTTP/1.1" 200 - "-" "Mozilla/5.0 (compatible; MSIE 10.0; Windows NT 6.1; Trident/6.0)"
24.144.77.78 - - [03/Sep/2026:20:34:04 +0800] "GET //pelican.zip HTTP/1.1" 200 169594025 "-" "Mozilla/5.0 (compatible; MSIE 10.0; Windows NT 6.1; Trident/6.0)"
91.134.142.216 - - [03/Sep/2026:20:34:12 +0800] "GET //.626672646183188.php HTTP/1.1" 200 - "-" "Mozilla/5.0 (iPhone; CPU iPhone OS 18_0 like Mac OS X) AppleWebKit/605.1.15 (KHTML, like Gecko) FxiOS/154.0 Mobile/15E148 Safari/604.1"
24.144.77.78 - - [03/Sep/2026:20:34:15 +0800] "GET //50ef07e774index.php HTTP/1.1" 200 47854 "-" "Mozilla/5.0 (iPhone; CPU iPhone OS 9_0 like Mac OS X) AppleWebKit/601.1.46 (KHTML, like Gecko) Version/9.0 Mobile/13A340 Safari/601.1"
155.4.131.116 - - [03/Sep/2026:20:34:15 +0800] "GET //.829062427411508.php HTTP/1.1" 301 - "-" "Mozilla/5.0 (iPhone; CPU iPhone OS 18_0 like Mac OS X) AppleWebKit/605.1.15 (KHTML, like Gecko) FxiOS/154.0 Mobile/15E148 Safari/604.1"
24.144.77.78 - - [03/Sep/2026:20:34:16 +0800] "GET /favicon.ico HTTP/1.1" 302 - "https://pelican.lrindo.com//50ef07e774index.php" "Mozilla/5.0 (iPhone; CPU iPhone OS 9_0 like Mac OS X) AppleWebKit/601.1.46 (KHTML, like Gecko) Version/9.0 Mobile/13A340 Safari/601.1"
24.144.77.78 - - [03/Sep/2026:20:34:18 +0800] "GET /wp-includes/images/w-logo-blue-white-bg.png HTTP/1.1" 200 4119 "https://pelican.lrindo.com//50ef07e774index.php" "Mozilla/5.0 (iPhone; CPU iPhone OS 9_0 like Mac OS X) AppleWebKit/601.1.46 (KHTML, like Gecko) Version/9.0 Mobile/13A340 Safari/601.1"
209.182.193.228 - - [03/Sep/2026:20:34:17 +0800] "POST /wp-cron.php?doing_wp_cron=1788438857.5434360504150390625000 HTTP/1.1" 200 - "-" "WordPress/6.4.10; https://pelican.lrindo.com"
146.190.11.185 - - [03/Sep/2026:20:34:18 +0800] "GET //.077101315101359.php HTTP/1.1" 301 - "-" "Mozilla/5.0 (iPhone; CPU iPhone OS 11_0 like Mac OS X) AppleWebKit/604.1.38 (KHTML, like Gecko) Version/11.0 Mobile/15A372 Safari/604.1"
155.4.131.116 - - [03/Sep/2026:20:34:23 +0800] "GET //.829062427411508.php HTTP/1.1" 301 - "https://www.pelican.lrindo.com//.829062427411508.php" "Mozilla/5.0 (iPhone; CPU iPhone OS 18_0 like Mac OS X) AppleWebKit/605.1.15 (KHTML, like Gecko) FxiOS/154.0 Mobile/15E148 Safari/604.1"
146.190.11.185 - - [03/Sep/2026:20:34:24 +0800] "GET //.077101315101359.php HTTP/1.1" 301 - "https://www.pelican.lrindo.com//.077101315101359.php" "Mozilla/5.0 (iPhone; CPU iPhone OS 11_0 like Mac OS X) AppleWebKit/604.1.38 (KHTML, like Gecko) Version/11.0 Mobile/15A372 Safari/604.1"
146.190.11.185 - - [03/Sep/2026:20:34:33 +0800] "GET /.077101315101359.php HTTP/1.1" 404 372486 "https://pelican.lrindo.com//.077101315101359.php" "Mozilla/5.0 (iPhone; CPU iPhone OS 11_0 like Mac OS X) AppleWebKit/604.1.38 (KHTML, like Gecko) Version/11.0 Mobile/15A372 Safari/604.1"
155.4.131.116 - - [03/Sep/2026:20:34:31 +0800] "GET /.829062427411508.php HTTP/1.1" 404 372484 "https://pelican.lrindo.com//.829062427411508.php" "Mozilla/5.0 (iPhone; CPU iPhone OS 18_0 like Mac OS X) AppleWebKit/605.1.15 (KHTML, like Gecko) FxiOS/154.0 Mobile/15E148 Safari/604.1"
88.97.176.205 - - [03/Sep/2026:20:35:27 +0800] "GET //09f2af6230af.php HTTP/1.1" 200 7 "-" "Mozilla/5.0 (Macintosh; Intel Mac OS X 10_15_7) AppleWebKit/537.36 (KHTML, like Gecko) Chrome/151.0.0.0 Safari/537.36"
88.97.176.205 - - [03/Sep/2026:20:35:28 +0800] "GET //N1LsP0fhOyGMbbcGa HTTP/1.1" 301 - "-" "Mozilla/5.0 (Macintosh; Intel Mac OS X 10_15_7) AppleWebKit/537.36 (KHTML, like Gecko) Chrome/151.0.0.0 Safari/537.36"
88.97.176.205 - - [03/Sep/2026:20:35:30 +0800] "GET //gBOIYsmoNHN0LuHZkr HTTP/1.1" 301 - "-" "Mozilla/5.0 (Macintosh; Intel Mac OS X 10_15_7) AppleWebKit/537.36 (KHTML, like Gecko) Chrome/151.0.0.0 Safari/537.36"
88.97.176.205 - - [03/Sep/2026:20:35:32 +0800] "GET //JJqb14IKWFmh6HR5tvJ HTTP/1.1" 301 - "-" "Mozilla/5.0 (Macintosh; Intel Mac OS X 10_15_7) AppleWebKit/537.36 (KHTML, like Gecko) Chrome/151.0.0.0 Safari/537.36"
88.97.176.205 - - [03/Sep/2026:20:35:34 +0800] "GET //error_log HTTP/1.1" 301 - "-" "Mozilla/5.0 (Macintosh; Intel Mac OS X 10_15_7) AppleWebKit/537.36 (KHTML, like Gecko) Chrome/151.0.0.0 Safari/537.36"
88.97.176.205 - - [03/Sep/2026:20:35:36 +0800] "GET //home HTTP/1.1" 301 - "-" "Mozilla/5.0 (Macintosh; Intel Mac OS X 10_15_7) AppleWebKit/537.36 (KHTML, like Gecko) Chrome/151.0.0.0 Safari/537.36"
88.97.176.205 - - [03/Sep/2026:20:35:37 +0800] "GET //shsspnwyl HTTP/1.1" 301 - "-" "Mozilla/5.0 (Macintosh; Intel Mac OS X 10_15_7) AppleWebKit/537.36 (KHTML, like Gecko) Chrome/151.0.0.0 Safari/537.36"
88.97.176.205 - - [03/Sep/2026:20:35:39 +0800] "GET //duHg8P1gDBbWGDUOc.PHP HTTP/1.1" 301 - "-" "Mozilla/5.0 (Macintosh; Intel Mac OS X 10_15_7) AppleWebKit/537.36 (KHTML, like Gecko) Chrome/151.0.0.0 Safari/537.36"
88.97.176.205 - - [03/Sep/2026:20:35:41 +0800] "GET //NBD61azPblVZUEqMmF.PHP HTTP/1.1" 301 - "-" "Mozilla/5.0 (Macintosh; Intel Mac OS X 10_15_7) AppleWebKit/537.36 (KHTML, like Gecko) Chrome/151.0.0.0 Safari/537.36"
88.97.176.205 - - [03/Sep/2026:20:35:43 +0800] "GET //ulqdJ2qfRfJcOQpShzm.PHP HTTP/1.1" 301 - "-" "Mozilla/5.0 (Macintosh; Intel Mac OS X 10_15_7) AppleWebKit/537.36 (KHTML, like Gecko) Chrome/151.0.0.0 Safari/537.36"
88.97.176.205 - - [03/Sep/2026:20:35:45 +0800] "GET //alfa-rex.PHP HTTP/1.1" 301 - "-" "Mozilla/5.0 (Macintosh; Intel Mac OS X 10_15_7) AppleWebKit/537.36 (KHTML, like Gecko) Chrome/151.0.0.0 Safari/537.36"
88.97.176.205 - - [03/Sep/2026:20:35:47 +0800] "GET //AT8K5W7IuQ3XCm4fJ.PhP7 HTTP/1.1" 301 - "-" "Mozilla/5.0 (Macintosh; Intel Mac OS X 10_15_7) AppleWebKit/537.36 (KHTML, like Gecko) Chrome/151.0.0.0 Safari/537.36"
88.97.176.205 - - [03/Sep/2026:20:35:49 +0800] "GET //VNAQHHI1mMeVWR5QQb.PhP7 HTTP/1.1" 301 - "-" "Mozilla/5.0 (Macintosh; Intel Mac OS X 10_15_7) AppleWebKit/537.36 (KHTML, like Gecko) Chrome/151.0.0.0 Safari/537.36"
88.97.176.205 - - [03/Sep/2026:20:35:51 +0800] "GET //64mt1Yt5JrxXTtkNa8n.PhP7 HTTP/1.1" 301 - "-" "Mozilla/5.0 (Macintosh; Intel Mac OS X 10_15_7) AppleWebKit/537.36 (KHTML, like Gecko) Chrome/151.0.0.0 Safari/537.36"
88.97.176.205 - - [03/Sep/2026:20:35:52 +0800] "GET //09f2af6230af.php HTTP/1.1" 200 7 "-" "Mozilla/5.0 (iPhone; CPU iPhone OS 18_6 like Mac OS X) AppleWebKit/605.1.15 (KHTML, like Gecko) Version/26.6 Mobile/15E148 Safari/604.1"
88.97.176.205 - - [03/Sep/2026:20:35:53 +0800] "GET /favicon.ico HTTP/1.1" 301 - "https://www.pelican.lrindo.com//09f2af6230af.php" "Mozilla/5.0 (iPhone; CPU iPhone OS 18_6 like Mac OS X) AppleWebKit/605.1.15 (KHTML, like Gecko) Version/26.6 Mobile/15E148 Safari/604.1"
88.97.176.205 - - [03/Sep/2026:20:35:53 +0800] "GET //v3.PhP7 HTTP/1.1" 301 - "-" "Mozilla/5.0 (Macintosh; Intel Mac OS X 10_15_7) AppleWebKit/537.36 (KHTML, like Gecko) Chrome/151.0.0.0 Safari/537.36"
88.97.176.205 - - [03/Sep/2026:20:35:55 +0800] "GET //alfa-rex.PhP7 HTTP/1.1" 301 - "-" "Mozilla/5.0 (Macintosh; Intel Mac OS X 10_15_7) AppleWebKit/537.36 (KHTML, like Gecko) Chrome/151.0.0.0 Safari/537.36"
88.97.176.205 - - [03/Sep/2026:20:35:57 +0800] "GET //vglCSeo7ygEGTtxP9.ashx HTTP/1.1" 301 - "-" "Mozilla/5.0 (Macintosh; Intel Mac OS X 10_15_7) AppleWebKit/537.36 (KHTML, like Gecko) Chrome/151.0.0.0 Safari/537.36"
88.97.176.205 - - [03/Sep/2026:20:35:59 +0800] "GET //HoRqcW7znml6g8A63a.ashx HTTP/1.1" 301 - "-" "Mozilla/5.0 (Macintosh; Intel Mac OS X 10_15_7) AppleWebKit/537.36 (KHTML, like Gecko) Chrome/151.0.0.0 Safari/537.36"
88.97.176.205 - - [03/Sep/2026:20:35:58 +0800] "GET /favicon.ico HTTP/1.1" 302 - "https://www.pelican.lrindo.com/" "Mozilla/5.0 (iPhone; CPU iPhone OS 18_6 like Mac OS X) AppleWebKit/605.1.15 (KHTML, like Gecko) Version/26.6 Mobile/15E148 Safari/604.1"
209.182.193.228 - - [03/Sep/2026:20:36:00 +0800] "POST /wp-cron.php?doing_wp_cron=1788438959.9674329757690429687500 HTTP/1.1" 200 - "-" "WordPress/6.4.10; https://pelican.lrindo.com"
88.97.176.205 - - [03/Sep/2026:20:36:01 +0800] "GET //y0noU3nrN_pSv90nVGS.ashx HTTP/1.1" 301 - "-" "Mozilla/5.0 (Macintosh; Intel Mac OS X 10_15_7) AppleWebKit/537.36 (KHTML, like Gecko) Chrome/151.0.0.0 Safari/537.36"
88.97.176.205 - - [03/Sep/2026:20:36:02 +0800] "GET //tunnel.ashx HTTP/1.1" 301 - "-" "Mozilla/5.0 (Macintosh; Intel Mac OS X 10_15_7) AppleWebKit/537.36 (KHTML, like Gecko) Chrome/151.0.0.0 Safari/537.36"
88.97.176.205 - - [03/Sep/2026:20:36:04 +0800] "GET //pSme66oHI9BS6ox66.aspx HTTP/1.1" 301 - "-" "Mozilla/5.0 (Macintosh; Intel Mac OS X 10_15_7) AppleWebKit/537.36 (KHTML, like Gecko) Chrome/151.0.0.0 Safari/537.36"
88.97.176.205 - - [03/Sep/2026:20:36:06 +0800] "GET //eP5n1bG8XstEgNhCDr.aspx HTTP/1.1" 301 - "-" "Mozilla/5.0 (Macintosh; Intel Mac OS X 10_15_7) AppleWebKit/537.36 (KHTML, like Gecko) Chrome/151.0.0.0 Safari/537.36"
88.97.176.205 - - [03/Sep/2026:20:36:08 +0800] "GET //KrzMoNKA7qSLfZfBRlj.aspx HTTP/1.1" 301 - "-" "Mozilla/5.0 (Macintosh; Intel Mac OS X 10_15_7) AppleWebKit/537.36 (KHTML, like Gecko) Chrome/151.0.0.0 Safari/537.36"
88.97.176.205 - - [03/Sep/2026:20:36:10 +0800] "GET //iisstart.aspx HTTP/1.1" 301 - "-" "Mozilla/5.0 (Macintosh; Intel Mac OS X 10_15_7) AppleWebKit/537.36 (KHTML, like Gecko) Chrome/151.0.0.0 Safari/537.36"
88.97.176.205 - - [03/Sep/2026:20:36:12 +0800] "GET //Caterpillar.aspx HTTP/1.1" 301 - "-" "Mozilla/5.0 (Macintosh; Intel Mac OS X 10_15_7) AppleWebKit/537.36 (KHTML, like Gecko) Chrome/151.0.0.0 Safari/537.36"
88.97.176.205 - - [03/Sep/2026:20:36:14 +0800] "GET //tunnel.aspx HTTP/1.1" 301 - "-" "Mozilla/5.0 (Macintosh; Intel Mac OS X 10_15_7) AppleWebKit/537.36 (KHTML, like Gecko) Chrome/151.0.0.0 Safari/537.36"
88.97.176.205 - - [03/Sep/2026:20:36:16 +0800] "GET //msok.aspx HTTP/1.1" 301 - "-" "Mozilla/5.0 (Macintosh; Intel Mac OS X 10_15_7) AppleWebKit/537.36 (KHTML, like Gecko) Chrome/151.0.0.0 Safari/537.36"
88.97.176.205 - - [03/Sep/2026:20:36:18 +0800] "GET //nHT35iGGMxNZnQDEf.gzo HTTP/1.1" 301 - "-" "Mozilla/5.0 (Macintosh; Intel Mac OS X 10_15_7) AppleWebKit/537.36 (KHTML, like Gecko) Chrome/151.0.0.0 Safari/537.36"
88.97.176.205 - - [03/Sep/2026:20:36:20 +0800] "GET //sGGBLcJBo_JNXlbyhK.gzo HTTP/1.1" 301 - "-" "Mozilla/5.0 (Macintosh; Intel Mac OS X 10_15_7) AppleWebKit/537.36 (KHTML, like Gecko) Chrome/151.0.0.0 Safari/537.36"
88.97.176.205 - - [03/Sep/2026:20:36:22 +0800] "GET //JoUo0VMwT2OItZ0wUWH.gzo HTTP/1.1" 301 - "-" "Mozilla/5.0 (Macintosh; Intel Mac OS X 10_15_7) AppleWebKit/537.36 (KHTML, like Gecko) Chrome/151.0.0.0 Safari/537.36"
88.97.176.205 - - [03/Sep/2026:20:36:23 +0800] "GET //.gzo HTTP/1.1" 301 - "-" "Mozilla/5.0 (Macintosh; Intel Mac OS X 10_15_7) AppleWebKit/537.36 (KHTML, like Gecko) Chrome/151.0.0.0 Safari/537.36"
88.97.176.205 - - [03/Sep/2026:20:36:25 +0800] "GET //4VbwImXHXZ8RgIBaX.htaccess HTTP/1.1" 301 - "-" "Mozilla/5.0 (Macintosh; Intel Mac OS X 10_15_7) AppleWebKit/537.36 (KHTML, like Gecko) Chrome/151.0.0.0 Safari/537.36"
88.97.176.205 - - [03/Sep/2026:20:36:27 +0800] "GET //MqZkih1sdxg_9cRksb.htaccess HTTP/1.1" 301 - "-" "Mozilla/5.0 (Macintosh; Intel Mac OS X 10_15_7) AppleWebKit/537.36 (KHTML, like Gecko) Chrome/151.0.0.0 Safari/537.36"
88.97.176.205 - - [03/Sep/2026:20:36:29 +0800] "GET //jZMkFzcTI6u13Q3x6hF.htaccess HTTP/1.1" 301 - "-" "Mozilla/5.0 (Macintosh; Intel Mac OS X 10_15_7) AppleWebKit/537.36 (KHTML, like Gecko) Chrome/151.0.0.0 Safari/537.36"
88.97.176.205 - - [03/Sep/2026:20:36:31 +0800] "GET //.htaccess HTTP/1.1" 301 - "-" "Mozilla/5.0 (Macintosh; Intel Mac OS X 10_15_7) AppleWebKit/537.36 (KHTML, like Gecko) Chrome/151.0.0.0 Safari/537.36"
88.97.176.205 - - [03/Sep/2026:20:36:33 +0800] "GET //ELX0LaRrQeF9a9DZu.html HTTP/1.1" 301 - "-" "Mozilla/5.0 (Macintosh; Intel Mac OS X 10_15_7) AppleWebKit/537.36 (KHTML, like Gecko) Chrome/151.0.0.0 Safari/537.36"
88.97.176.205 - - [03/Sep/2026:20:36:35 +0800] "GET //orDxbxztYhO3yG_IvZ.html HTTP/1.1" 301 - "-" "Mozilla/5.0 (Macintosh; Intel Mac OS X 10_15_7) AppleWebKit/537.36 (KHTML, like Gecko) Chrome/151.0.0.0 Safari/537.36"
88.97.176.205 - - [03/Sep/2026:20:36:37 +0800] "GET //Dhiq6AQdmJk4IKZ_Y8M.html HTTP/1.1" 301 - "-" "Mozilla/5.0 (Macintosh; Intel Mac OS X 10_15_7) AppleWebKit/537.36 (KHTML, like Gecko) Chrome/151.0.0.0 Safari/537.36"
88.97.176.205 - - [03/Sep/2026:20:36:39 +0800] "GET //index.html HTTP/1.1" 301 - "-" "Mozilla/5.0 (Macintosh; Intel Mac OS X 10_15_7) AppleWebKit/537.36 (KHTML, like Gecko) Chrome/151.0.0.0 Safari/537.36"
88.97.176.205 - - [03/Sep/2026:20:36:41 +0800] "GET //home.html HTTP/1.1" 301 - "-" "Mozilla/5.0 (Macintosh; Intel Mac OS X 10_15_7) AppleWebKit/537.36 (KHTML, like Gecko) Chrome/151.0.0.0 Safari/537.36"
88.97.176.205 - - [03/Sep/2026:20:36:43 +0800] "GET //readme.html HTTP/1.1" 200 7399 "-" "Mozilla/5.0 (Macintosh; Intel Mac OS X 10_15_7) AppleWebKit/537.36 (KHTML, like Gecko) Chrome/151.0.0.0 Safari/537.36"
88.97.176.205 - - [03/Sep/2026:20:36:43 +0800] "GET //42JFjJuVpSV_gYrzC.html.php HTTP/1.1" 301 - "-" "Mozilla/5.0 (Macintosh; Intel Mac OS X 10_15_7) AppleWebKit/537.36 (KHTML, like Gecko) Chrome/151.0.0.0 Safari/537.36"
88.97.176.205 - - [03/Sep/2026:20:36:45 +0800] "GET //ppIHSkmdnHl3pt3cka.html.php HTTP/1.1" 301 - "-" "Mozilla/5.0 (Macintosh; Intel Mac OS X 10_15_7) AppleWebKit/537.36 (KHTML, like Gecko) Chrome/151.0.0.0 Safari/537.36"
88.97.176.205 - - [03/Sep/2026:20:36:47 +0800] "GET //0itjL475SD6AQOydtF5.html.php HTTP/1.1" 301 - "-" "Mozilla/5.0 (Macintosh; Intel Mac OS X 10_15_7) AppleWebKit/537.36 (KHTML, like Gecko) Chrome/151.0.0.0 Safari/537.36"
88.97.176.205 - - [03/Sep/2026:20:36:49 +0800] "GET //view.html.php HTTP/1.1" 301 - "-" "Mozilla/5.0 (Macintosh; Intel Mac OS X 10_15_7) AppleWebKit/537.36 (KHTML, like Gecko) Chrome/151.0.0.0 Safari/537.36"
88.97.176.205 - - [03/Sep/2026:20:36:51 +0800] "GET //qRBklnFbaLEyJ07F7.index.php HTTP/1.1" 301 - "-" "Mozilla/5.0 (Macintosh; Intel Mac OS X 10_15_7) AppleWebKit/537.36 (KHTML, like Gecko) Chrome/151.0.0.0 Safari/537.36"
88.97.176.205 - - [03/Sep/2026:20:36:53 +0800] "GET //801CF2dhtoRa1h2XGX.index.php HTTP/1.1" 301 - "-" "Mozilla/5.0 (Macintosh; Intel Mac OS X 10_15_7) AppleWebKit/537.36 (KHTML, like Gecko) Chrome/151.0.0.0 Safari/537.36"
88.97.176.205 - - [03/Sep/2026:20:36:55 +0800] "GET //drrYFQ2BUi1x3I9aekN.index.php HTTP/1.1" 301 - "-" "Mozilla/5.0 (Macintosh; Intel Mac OS X 10_15_7) AppleWebKit/537.36 (KHTML, like Gecko) Chrome/151.0.0.0 Safari/537.36"
88.97.176.205 - - [03/Sep/2026:20:36:56 +0800] "GET //.index.php HTTP/1.1" 301 - "-" "Mozilla/5.0 (Macintosh; Intel Mac OS X 10_15_7) AppleWebKit/537.36 (KHTML, like Gecko) Chrome/151.0.0.0 Safari/537.36"
88.97.176.205 - - [03/Sep/2026:20:36:58 +0800] "GET //u9S4QY00HMUsdy8tt.jryy-xabja HTTP/1.1" 301 - "-" "Mozilla/5.0 (Macintosh; Intel Mac OS X 10_15_7) AppleWebKit/537.36 (KHTML, like Gecko) Chrome/151.0.0.0 Safari/537.36"
88.97.176.205 - - [03/Sep/2026:20:37:00 +0800] "GET //p2W_siQFiW7Capmwie.jryy-xabja HTTP/1.1" 301 - "-" "Mozilla/5.0 (Macintosh; Intel Mac OS X 10_15_7) AppleWebKit/537.36 (KHTML, like Gecko) Chrome/151.0.0.0 Safari/537.36"
88.97.176.205 - - [03/Sep/2026:20:37:04 +0800] "GET //wwmJ1Wrx2WFXsmv8RlR.jryy-xabja HTTP/1.1" 301 - "-" "Mozilla/5.0 (Macintosh; Intel Mac OS X 10_15_7) AppleWebKit/537.36 (KHTML, like Gecko) Chrome/151.0.0.0 Safari/537.36"
88.97.176.205 - - [03/Sep/2026:20:37:06 +0800] "GET //.jryy-xabja HTTP/1.1" 301 - "-" "Mozilla/5.0 (Macintosh; Intel Mac OS X 10_15_7) AppleWebKit/537.36 (KHTML, like Gecko) Chrome/151.0.0.0 Safari/537.36"
88.97.176.205 - - [03/Sep/2026:20:37:08 +0800] "GET //9LB40n7rYAo_YLrYb.js HTTP/1.1" 301 - "-" "Mozilla/5.0 (Macintosh; Intel Mac OS X 10_15_7) AppleWebKit/537.36 (KHTML, like Gecko) Chrome/151.0.0.0 Safari/537.36"
88.97.176.205 - - [03/Sep/2026:20:37:09 +0800] "GET //wR2Ai_9kiUFNxgNz5O.js HTTP/1.1" 301 - "-" "Mozilla/5.0 (Macintosh; Intel Mac OS X 10_15_7) AppleWebKit/537.36 (KHTML, like Gecko) Chrome/151.0.0.0 Safari/537.36"
88.97.176.205 - - [03/Sep/2026:20:37:11 +0800] "GET //oHwzj7jsZxJPIPY8iil.js HTTP/1.1" 301 - "-" "Mozilla/5.0 (Macintosh; Intel Mac OS X 10_15_7) AppleWebKit/537.36 (KHTML, like Gecko) Chrome/151.0.0.0 Safari/537.36"
88.97.176.205 - - [03/Sep/2026:20:37:13 +0800] "GET //tunnel.js HTTP/1.1" 301 - "-" "Mozilla/5.0 (Macintosh; Intel Mac OS X 10_15_7) AppleWebKit/537.36 (KHTML, like Gecko) Chrome/151.0.0.0 Safari/537.36"
88.97.176.205 - - [03/Sep/2026:20:37:15 +0800] "GET //52iThk9QpIkYbJwiS.jsp HTTP/1.1" 301 - "-" "Mozilla/5.0 (Macintosh; Intel Mac OS X 10_15_7) AppleWebKit/537.36 (KHTML, like Gecko) Chrome/151.0.0.0 Safari/537.36"
88.97.176.205 - - [03/Sep/2026:20:37:17 +0800] "GET //RBB57FfU4uvnJD9fd3.jsp HTTP/1.1" 301 - "-" "Mozilla/5.0 (Macintosh; Intel Mac OS X 10_15_7) AppleWebKit/537.36 (KHTML, like Gecko) Chrome/151.0.0.0 Safari/537.36"
88.97.176.205 - - [03/Sep/2026:20:37:21 +0800] "GET //hQTzPZvBb01tVABvsEJ.jsp HTTP/1.1" 301 - "-" "Mozilla/5.0 (Macintosh; Intel Mac OS X 10_15_7) AppleWebKit/537.36 (KHTML, like Gecko) Chrome/151.0.0.0 Safari/537.36"
88.97.176.205 - - [03/Sep/2026:20:37:23 +0800] "GET //proxy-jsp.jsp HTTP/1.1" 301 - "-" "Mozilla/5.0 (Macintosh; Intel Mac OS X 10_15_7) AppleWebKit/537.36 (KHTML, like Gecko) Chrome/151.0.0.0 Safari/537.36"
88.97.176.205 - - [03/Sep/2026:20:37:25 +0800] "GET //favic0n.jsp HTTP/1.1" 301 - "-" "Mozilla/5.0 (Macintosh; Intel Mac OS X 10_15_7) AppleWebKit/537.36 (KHTML, like Gecko) Chrome/151.0.0.0 Safari/537.36"
88.97.176.205 - - [03/Sep/2026:20:37:27 +0800] "GET //one-lin.jsp HTTP/1.1" 301 - "-" "Mozilla/5.0 (Macintosh; Intel Mac OS X 10_15_7) AppleWebKit/537.36 (KHTML, like Gecko) Chrome/151.0.0.0 Safari/537.36"
88.97.176.205 - - [03/Sep/2026:20:37:29 +0800] "GET //logos.jsp HTTP/1.1" 301 - "-" "Mozilla/5.0 (Macintosh; Intel Mac OS X 10_15_7) AppleWebKit/537.36 (KHTML, like Gecko) Chrome/151.0.0.0 Safari/537.36"
88.97.176.205 - - [03/Sep/2026:20:37:31 +0800] "GET //20170219.jsp HTTP/1.1" 301 - "-" "Mozilla/5.0 (Macintosh; Intel Mac OS X 10_15_7) AppleWebKit/537.36 (KHTML, like Gecko) Chrome/151.0.0.0 Safari/537.36"
88.97.176.205 - - [03/Sep/2026:20:37:33 +0800] "GET //style.jsp HTTP/1.1" 301 - "-" "Mozilla/5.0 (Macintosh; Intel Mac OS X 10_15_7) AppleWebKit/537.36 (KHTML, like Gecko) Chrome/151.0.0.0 Safari/537.36"
88.97.176.205 - - [03/Sep/2026:20:37:35 +0800] "GET //preaproveWelcome.jsp HTTP/1.1" 301 - "-" "Mozilla/5.0 (Macintosh; Intel Mac OS X 10_15_7) AppleWebKit/537.36 (KHTML, like Gecko) Chrome/151.0.0.0 Safari/537.36"
88.97.176.205 - - [03/Sep/2026:20:37:37 +0800] "GET //wm_cfshared.jsp HTTP/1.1" 301 - "-" "Mozilla/5.0 (Macintosh; Intel Mac OS X 10_15_7) AppleWebKit/537.36 (KHTML, like Gecko) Chrome/151.0.0.0 Safari/537.36"
88.97.176.205 - - [03/Sep/2026:20:37:39 +0800] "GET //cmd-pro.jsp HTTP/1.1" 301 - "-" "Mozilla/5.0 (Macintosh; Intel Mac OS X 10_15_7) AppleWebKit/537.36 (KHTML, like Gecko) Chrome/151.0.0.0 Safari/537.36"
88.97.176.205 - - [03/Sep/2026:20:37:40 +0800] "GET //Thumbs.jsp HTTP/1.1" 301 - "-" "Mozilla/5.0 (Macintosh; Intel Mac OS X 10_15_7) AppleWebKit/537.36 (KHTML, like Gecko) Chrome/151.0.0.0 Safari/537.36"
88.97.176.205 - - [03/Sep/2026:20:37:42 +0800] "GET //greeting.jsp HTTP/1.1" 301 - "-" "Mozilla/5.0 (Macintosh; Intel Mac OS X 10_15_7) AppleWebKit/537.36 (KHTML, like Gecko) Chrome/151.0.0.0 Safari/537.36"
88.97.176.205 - - [03/Sep/2026:20:37:44 +0800] "GET //_example.jsp HTTP/1.1" 301 - "-" "Mozilla/5.0 (Macintosh; Intel Mac OS X 10_15_7) AppleWebKit/537.36 (KHTML, like Gecko) Chrome/151.0.0.0 Safari/537.36"
88.97.176.205 - - [03/Sep/2026:20:37:46 +0800] "GET //cmd-prow.jsp HTTP/1.1" 301 - "-" "Mozilla/5.0 (Macintosh; Intel Mac OS X 10_15_7) AppleWebKit/537.36 (KHTML, like Gecko) Chrome/151.0.0.0 Safari/537.36"
