uawdijnntqw1x1x1
IP : 216.73.216.244
Hostname : mailtech.lifestyleretreats.com
Kernel : Linux mailtech.lifestyleretreats.com 3.10.0-1160.119.1.vz7.224.4 #1 SMP Mon Sep 30 15:36:27 MSK 2024 x86_64
Disable Function : exec,passthru,shell_exec,system
OS : Linux
PATH:
/
home
/
lrindo5
/
cache
/
..
/
access-logs
/
pelican.lrindo.com-ssl_log
/
/
54.210.155.69 - - [29/Aug/2026:20:10:54 +0800] "GET /lighthouse-restaurant/reservation/ HTTP/1.1" 200 385584 "-" "Mozilla/5.0 AppleWebKit/537.36 (KHTML, like Gecko; compatible; Amazonbot/0.1; +https://developer.amazon.com/support/amazonbot) Chrome/119.0.6045.214 Safari/537.36"
209.182.193.228 - - [29/Aug/2026:20:10:55 +0800] "POST /wp-cron.php?doing_wp_cron=1788005455.7385530471801757812500 HTTP/1.1" 200 - "-" "WordPress/6.4.10; https://pelican.lrindo.com"
157.55.39.223 - - [29/Aug/2026:20:14:32 +0800] "GET /robots.txt HTTP/1.1" 200 176 "-" "Mozilla/5.0 AppleWebKit/537.36 (KHTML, like Gecko; compatible; bingbot/2.0; +http://www.bing.com/bingbot.htm) Chrome/116.0.1938.76 Safari/537.36"
209.182.193.228 - - [29/Aug/2026:20:14:34 +0800] "POST /wp-cron.php?doing_wp_cron=1788005674.7810649871826171875000 HTTP/1.1" 200 - "-" "WordPress/6.4.10; https://pelican.lrindo.com"
207.46.13.107 - - [29/Aug/2026:20:14:41 +0800] "GET /location_custom/balique-restaurant/ HTTP/1.1" 200 373783 "-" "Mozilla/5.0 AppleWebKit/537.36 (KHTML, like Gecko; compatible; bingbot/2.0; +http://www.bing.com/bingbot.htm) Chrome/116.0.1938.76 Safari/537.36"
140.245.116.147 - - [29/Aug/2026:20:15:40 +0800] "GET / HTTP/1.1" 200 396037 "-" "Mozilla/5.0"
209.141.33.142 - - [29/Aug/2026:20:24:47 +0800] "GET /wp-login.php HTTP/1.1" 200 6825 "-" "Mozilla/5.0 (Windows NT 6.1; WOW64) AppleWebKit/537.36 (KHTML, like Gecko) Chrome/35.0.1916.114 Safari/537.36"
209.182.193.228 - - [29/Aug/2026:20:24:49 +0800] "POST /wp-cron.php?doing_wp_cron=1788006289.7549419403076171875000 HTTP/1.1" 200 - "-" "WordPress/6.4.10; https://pelican.lrindo.com"
209.141.33.142 - - [29/Aug/2026:20:27:33 +0800] "POST /wp-login.php HTTP/1.1" 200 7308 "-" "Mozilla/5.0 (Windows NT 6.1; WOW64) AppleWebKit/537.36 (KHTML, like Gecko) Chrome/35.0.1916.114 Safari/537.36"
209.182.193.228 - - [29/Aug/2026:20:27:35 +0800] "POST /wp-cron.php?doing_wp_cron=1788006455.5810348987579345703125 HTTP/1.1" 200 - "-" "WordPress/6.4.10; https://pelican.lrindo.com"
46.229.243.130 - - [29/Aug/2026:20:40:34 +0800] "GET / HTTP/1.1" 200 396036 "-" "Mozilla/5.0 (Windows NT 6.3; WOW64) AppleWebKit/537.36 (KHTML, like Gecko) Chrome/49.0.2639.10 Safari/537.36"
46.229.243.130 - - [29/Aug/2026:20:40:37 +0800] "POST /?wpmudev-hub=0045895fe316f8db-1788007221314454 HTTP/1.1" 200 1642 "https://pelican.lrindo.com/" "Mozilla/5.0 (Windows NT 6.3; WOW64) AppleWebKit/537.36 (KHTML, like Gecko) Chrome/49.0.2639.10 Safari/537.36"
209.182.193.228 - - [29/Aug/2026:20:40:43 +0800] "GET /?ao_speedup_cachebuster=99093 HTTP/1.1" 200 396001 "-" "WordPress/6.4.10; https://pelican.lrindo.com"
46.229.243.130 - - [29/Aug/2026:20:40:40 +0800] "POST /?wpmudev-hub=f91e1f031f72ec17-1788007223908294 HTTP/1.1" 200 346 "https://pelican.lrindo.com/?wpmudev-hub=0045895fe316f8db-1788007221314454" "Mozilla/5.0 (Windows NT 6.3; WOW64) AppleWebKit/537.36 (KHTML, like Gecko) Chrome/49.0.2639.10 Safari/537.36"
46.229.243.130 - - [29/Aug/2026:20:40:47 +0800] "GET /wp-content/plugins/background-image-cropper/accesson.php HTTP/1.1" 200 7 "https://pelican.lrindo.com/?wpmudev-hub=f91e1f031f72ec17-1788007223908294" "Mozilla/5.0 (Windows NT 6.3; WOW64) AppleWebKit/537.36 (KHTML, like Gecko) Chrome/49.0.2639.10 Safari/537.36"
46.229.243.130 - - [29/Aug/2026:20:40:52 +0800] "POST /wp-content/plugins/background-image-cropper/accesson.php HTTP/1.1" 200 9 "-" "Mozilla/5.0 (X11; Ubuntu; Linux i686; rv:49.0) Gecko/20100101 Firefox/49.0"
46.229.243.130 - - [29/Aug/2026:20:40:56 +0800] "GET /09f2af6230af.php HTTP/1.1" 200 9 "https://pelican.lrindo.com/wp-content/plugins/background-image-cropper/accesson.php" "Mozilla/5.0 (X11; Ubuntu; Linux i686; rv:49.0) Gecko/20100101 Firefox/49.0"
205.185.121.17 - - [29/Aug/2026:20:42:48 +0800] "GET /wp-login.php HTTP/1.1" 200 6825 "-" "Mozilla/5.0 (Windows NT 6.3; WOW64) AppleWebKit/537.36 (KHTML, like Gecko) Chrome/36.0.1985.125 Safari/537.36"
209.182.193.228 - - [29/Aug/2026:20:42:50 +0800] "POST /wp-cron.php?doing_wp_cron=1788007370.0107550621032714843750 HTTP/1.1" 200 - "-" "WordPress/6.4.10; https://pelican.lrindo.com"
205.185.121.17 - - [29/Aug/2026:20:42:51 +0800] "POST /wp-login.php HTTP/1.1" 200 7313 "-" "Mozilla/5.0 (Windows NT 6.3; WOW64) AppleWebKit/537.36 (KHTML, like Gecko) Chrome/36.0.1985.125 Safari/537.36"
66.132.195.56 - - [29/Aug/2026:20:47:38 +0800] "GET / HTTP/1.1" 200 396039 "-" "Mozilla/5.0 (compatible; CensysInspect/1.1; +https://about.censys.io/)"
209.182.193.228 - - [29/Aug/2026:20:47:40 +0800] "POST /wp-cron.php?doing_wp_cron=1788007660.3331880569458007812500 HTTP/1.1" 200 - "-" "WordPress/6.4.10; https://pelican.lrindo.com"
66.132.195.56 - - [29/Aug/2026:20:47:53 +0800] "GET /favicon.ico HTTP/1.1" 302 - "-" "Mozilla/5.0 (compatible; CensysInspect/1.1; +https://about.censys.io/)"
209.182.193.228 - - [29/Aug/2026:20:47:55 +0800] "POST /wp-cron.php?doing_wp_cron=1788007675.3721609115600585937500 HTTP/1.1" 200 - "-" "WordPress/6.4.10; https://pelican.lrindo.com"
66.132.195.56 - - [29/Aug/2026:20:48:35 +0800] "GET /wp-json/?_fields=name,description,home,gmt_offset,timezone_string,namespaces HTTP/1.1" 200 338 "-" "Mozilla/5.0 (compatible; CensysInspect/1.1; +https://about.censys.io/)"
205.185.121.17 - - [29/Aug/2026:20:52:02 +0800] "GET /wp-login.php HTTP/1.1" 200 6825 "-" "Mozilla/5.0 (Windows NT 10.0; Win64; x64) AppleWebKit/537.36 (KHTML, like Gecko) Chrome/144.0.0.0 Safari/537.36"
209.182.193.228 - - [29/Aug/2026:20:52:03 +0800] "POST /wp-cron.php?doing_wp_cron=1788007923.9419810771942138671875 HTTP/1.1" 200 - "-" "WordPress/6.4.10; https://pelican.lrindo.com"
205.185.121.17 - - [29/Aug/2026:20:52:05 +0800] "POST /wp-login.php HTTP/1.1" 200 7313 "-" "Mozilla/5.0 (Windows NT 10.0; Win64; x64) AppleWebKit/537.36 (KHTML, like Gecko) Chrome/144.0.0.0 Safari/537.36"
198.98.59.181 - - [29/Aug/2026:20:55:41 +0800] "GET /wp-login.php HTTP/1.1" 200 6825 "-" "Mozilla/5.0 (iPhone; CPU iPhone OS 16_6 like Mac OS X) AppleWebKit/605.1.15 (KHTML, like Gecko) Version/16.6 Mobile/15E148 Safari/604.1"
209.182.193.228 - - [29/Aug/2026:20:55:43 +0800] "POST /wp-cron.php?doing_wp_cron=1788008143.8410260677337646484375 HTTP/1.1" 200 - "-" "WordPress/6.4.10; https://pelican.lrindo.com"
198.98.59.181 - - [29/Aug/2026:20:55:45 +0800] "POST /wp-login.php HTTP/1.1" 200 7313 "-" "Mozilla/5.0 (iPhone; CPU iPhone OS 16_6 like Mac OS X) AppleWebKit/605.1.15 (KHTML, like Gecko) Version/16.6 Mobile/15E148 Safari/604.1"
209.141.48.118 - - [29/Aug/2026:20:56:31 +0800] "GET /wp-login.php HTTP/1.1" 200 6826 "-" "Mozilla/5.0 (X11; Linux i686) AppleWebKit/537.36 (KHTML, like Gecko) Chrome/36.0.1985.125 Safari/537.36"
209.182.193.228 - - [29/Aug/2026:20:56:33 +0800] "POST /wp-cron.php?doing_wp_cron=1788008193.2233610153198242187500 HTTP/1.1" 200 - "-" "WordPress/6.4.10; https://pelican.lrindo.com"
209.141.48.118 - - [29/Aug/2026:20:56:56 +0800] "POST /wp-login.php HTTP/1.1" 200 7308 "-" "Mozilla/5.0 (X11; Linux i686) AppleWebKit/537.36 (KHTML, like Gecko) Chrome/36.0.1985.125 Safari/537.36"
209.182.193.228 - - [29/Aug/2026:20:56:57 +0800] "POST /wp-cron.php?doing_wp_cron=1788008217.7559111118316650390625 HTTP/1.1" 200 - "-" "WordPress/6.4.10; https://pelican.lrindo.com"
44.209.35.147 - - [29/Aug/2026:21:13:10 +0800] "GET /wp-content/uploads/2019/10/land_penindrive-300x169.jpg HTTP/1.1" 200 6045 "-" "Mozilla/5.0 AppleWebKit/537.36 (KHTML, like Gecko; compatible; Amazonbot/0.1; +https://developer.amazon.com/support/amazonbot) Chrome/119.0.6045.214 Safari/537.36"
66.249.68.132 - - [29/Aug/2026:21:22:38 +0800] "GET /robots.txt HTTP/1.1" 200 176 "-" "Mozilla/5.0 (compatible; Googlebot/2.1; +http://www.google.com/bot.html)"
66.249.68.132 - - [29/Aug/2026:21:22:41 +0800] "GET /robots.txt HTTP/1.1" 200 176 "-" "GoogleOther"
209.182.193.228 - - [29/Aug/2026:21:22:40 +0800] "POST /wp-cron.php?doing_wp_cron=1788009760.3206660747528076171875 HTTP/1.1" 200 - "-" "WordPress/6.4.10; https://pelican.lrindo.com"
209.141.33.142 - - [29/Aug/2026:21:24:56 +0800] "GET /wp-login.php HTTP/1.1" 200 6826 "-" "Mozilla/5.0 (Windows NT 6.1; rv:30.0) Gecko/20100101 Firefox/30.0"
209.182.193.228 - - [29/Aug/2026:21:24:57 +0800] "POST /wp-cron.php?doing_wp_cron=1788009897.5868360996246337890625 HTTP/1.1" 200 - "-" "WordPress/6.4.10; https://pelican.lrindo.com"
209.141.33.142 - - [29/Aug/2026:21:26:01 +0800] "POST /wp-login.php HTTP/1.1" 200 7307 "-" "Mozilla/5.0 (Windows NT 6.1; rv:30.0) Gecko/20100101 Firefox/30.0"
209.182.193.228 - - [29/Aug/2026:21:26:03 +0800] "POST /wp-cron.php?doing_wp_cron=1788009962.9706521034240722656250 HTTP/1.1" 200 - "-" "WordPress/6.4.10; https://pelican.lrindo.com"
45.61.187.30 - - [29/Aug/2026:22:32:31 +0800] "GET /wp-login.php HTTP/1.1" 200 6825 "-" "Mozilla/5.0 (iPhone; CPU iPhone OS 7_0_4 like Mac OS X) AppleWebKit/537.51.1 (KHTML, like Gecko) Version/7.0 Mobile/11B554a Safari/9537.53"
45.61.187.30 - - [29/Aug/2026:22:32:33 +0800] "POST /wp-login.php HTTP/1.1" 200 7313 "-" "Mozilla/5.0 (iPhone; CPU iPhone OS 7_0_4 like Mac OS X) AppleWebKit/537.51.1 (KHTML, like Gecko) Version/7.0 Mobile/11B554a Safari/9537.53"
209.182.193.228 - - [29/Aug/2026:22:32:32 +0800] "POST /wp-cron.php?doing_wp_cron=1788013952.5708360671997070312500 HTTP/1.1" 200 - "-" "WordPress/6.4.10; https://pelican.lrindo.com"
205.185.121.17 - - [29/Aug/2026:22:41:06 +0800] "GET /wp-login.php HTTP/1.1" 200 6825 "-" "Mozilla/5.0 (Macintosh; Intel Mac OS X 10_10_0) AppleWebKit/537.36 (KHTML, like Gecko) Chrome/36.0.1985.125 Safari/537.36"
209.182.193.228 - - [29/Aug/2026:22:41:08 +0800] "POST /wp-cron.php?doing_wp_cron=1788014468.5273609161376953125000 HTTP/1.1" 200 - "-" "WordPress/6.4.10; https://pelican.lrindo.com"
205.185.121.17 - - [29/Aug/2026:22:41:10 +0800] "POST /wp-login.php HTTP/1.1" 200 7313 "-" "Mozilla/5.0 (Macintosh; Intel Mac OS X 10_10_0) AppleWebKit/537.36 (KHTML, like Gecko) Chrome/36.0.1985.125 Safari/537.36"
147.182.236.246 - - [29/Aug/2026:22:41:45 +0800] "GET / HTTP/1.1" 200 396036 "-" "Mozilla/5.0 (Windows NT 10.0; Win64; x64) AppleWebKit/537.36 (KHTML, like Gecko) Chrome/145.0.0.0 Safari/537.36"
147.182.236.246 - - [29/Aug/2026:22:41:46 +0800] "POST /?rest_route=/batch/v1&_w2s=e960f6e5 HTTP/1.1" 500 285 "-" "Mozilla/5.0 (Windows NT 10.0; Win64; x64) AppleWebKit/537.36 (KHTML, like Gecko) Chrome/146.0.0.0 Safari/537.36"
209.182.193.228 - - [29/Aug/2026:22:41:48 +0800] "POST /wp-cron.php?doing_wp_cron=1788014508.3689239025115966796875 HTTP/1.1" 200 - "-" "WordPress/6.4.10; https://pelican.lrindo.com"
147.182.236.246 - - [29/Aug/2026:22:41:49 +0800] "POST /?rest_route=/batch/v1&_w2s=d8782280 HTTP/1.1" 500 285 "-" "Mozilla/5.0 (Windows NT 10.0; Win64; x64) AppleWebKit/537.36 (KHTML, like Gecko) Chrome/145.0.0.0 Safari/537.36"
45.61.187.148 - - [29/Aug/2026:22:49:54 +0800] "GET /wp-login.php HTTP/1.1" 200 6825 "-" "Mozilla/5.0 (iPhone; CPU iPhone OS 18_3 like Mac OS X) AppleWebKit/605.1.15 (KHTML, like Gecko) Version/18.3 Mobile/15E148 Safari/604.1"
45.61.187.148 - - [29/Aug/2026:22:49:57 +0800] "POST /wp-login.php HTTP/1.1" 200 7313 "-" "Mozilla/5.0 (iPhone; CPU iPhone OS 18_3 like Mac OS X) AppleWebKit/605.1.15 (KHTML, like Gecko) Version/18.3 Mobile/15E148 Safari/604.1"
209.182.193.228 - - [29/Aug/2026:22:49:56 +0800] "POST /wp-cron.php?doing_wp_cron=1788014996.1940519809722900390625 HTTP/1.1" 200 - "-" "WordPress/6.4.10; https://pelican.lrindo.com"
209.141.48.118 - - [29/Aug/2026:22:51:52 +0800] "GET /wp-login.php HTTP/1.1" 200 6826 "-" "Mozilla/5.0 (Windows NT 6.1) AppleWebKit/537.36 (KHTML, like Gecko) Chrome/35.0.1916.153 Safari/537.36"
209.182.193.228 - - [29/Aug/2026:22:51:54 +0800] "POST /wp-cron.php?doing_wp_cron=1788015114.1924269199371337890625 HTTP/1.1" 200 - "-" "WordPress/6.4.10; https://pelican.lrindo.com"
209.141.48.118 - - [29/Aug/2026:22:51:55 +0800] "POST /wp-login.php HTTP/1.1" 200 7313 "-" "Mozilla/5.0 (Windows NT 6.1) AppleWebKit/537.36 (KHTML, like Gecko) Chrome/35.0.1916.153 Safari/537.36"
195.178.110.247 - - [30/Aug/2026:00:54:15 +0800] "POST /index.php?rest_route=/batch/v1 HTTP/1.1" 500 285 "-" "fasthttp"
209.182.193.228 - - [30/Aug/2026:00:54:20 +0800] "POST /wp-cron.php?doing_wp_cron=1788022460.2085819244384765625000 HTTP/1.1" 200 - "-" "WordPress/6.4.10; https://pelican.lrindo.com"
34.134.175.18 - - [30/Aug/2026:01:08:08 +0800] "GET / HTTP/1.1" 301 - "-" "Mozilla/5.0 (X11; Linux x86_64) AppleWebKit/537.36 (KHTML, like Gecko) Chrome/124.0 Safari/537.36"
34.134.175.18 - - [30/Aug/2026:01:08:10 +0800] "GET / HTTP/1.1" 200 396039 "https://www.pelican.lrindo.com/" "Mozilla/5.0 (X11; Linux x86_64) AppleWebKit/537.36 (KHTML, like Gecko) Chrome/124.0 Safari/537.36"
209.182.193.228 - - [30/Aug/2026:01:08:11 +0800] "POST /wp-cron.php?doing_wp_cron=1788023291.4744250774383544921875 HTTP/1.1" 200 - "-" "WordPress/6.4.10; https://pelican.lrindo.com"
34.134.175.18 - - [30/Aug/2026:01:11:23 +0800] "GET /wp-content/cache/autoptimize/js/autoptimize_e046146f5ac2e91f7675227efdba8c2c.js HTTP/1.1" 200 349276 "-" "Mozilla/5.0 (X11; Linux x86_64) AppleWebKit/537.36 (KHTML, like Gecko) Chrome/124.0 Safari/537.36"
34.134.175.18 - - [30/Aug/2026:01:11:23 +0800] "GET /bookcore/static/loyalty/builds/loyalty.min.js HTTP/1.1" 301 - "-" "Mozilla/5.0 (X11; Linux x86_64) AppleWebKit/537.36 (KHTML, like Gecko) Chrome/124.0 Safari/537.36"
34.134.175.18 - - [30/Aug/2026:01:11:24 +0800] "GET /wp-content/cache/autoptimize/js/autoptimize_e046146f5ac2e91f7675227efdba8c2c.js.map HTTP/1.1" 410 372844 "-" "Mozilla/5.0 (X11; Linux x86_64) AppleWebKit/537.36 (KHTML, like Gecko) Chrome/124.0 Safari/537.36"
34.134.175.18 - - [30/Aug/2026:01:11:25 +0800] "GET /bookcore/static/loyalty/builds/loyalty.min.js HTTP/1.1" 404 372485 "https://www.pelican.lrindo.com/bookcore/static/loyalty/builds/loyalty.min.js" "Mozilla/5.0 (X11; Linux x86_64) AppleWebKit/537.36 (KHTML, like Gecko) Chrome/124.0 Safari/537.36"
209.182.193.228 - - [30/Aug/2026:01:11:25 +0800] "POST /wp-cron.php?doing_wp_cron=1788023485.6045880317687988281250 HTTP/1.1" 200 - "-" "WordPress/6.4.10; https://pelican.lrindo.com"
198.98.59.181 - - [30/Aug/2026:01:28:27 +0800] "GET /wp-login.php HTTP/1.1" 200 6825 "-" "Mozilla/5.0 (X11; Ubuntu; Linux x86_64; rv:120.0) Gecko/20100101 Firefox/120.0"
198.98.59.181 - - [30/Aug/2026:01:28:32 +0800] "POST /wp-login.php HTTP/1.1" 200 7313 "-" "Mozilla/5.0 (X11; Ubuntu; Linux x86_64; rv:120.0) Gecko/20100101 Firefox/120.0"
209.182.193.228 - - [30/Aug/2026:01:28:29 +0800] "POST /wp-cron.php?doing_wp_cron=1788024509.0823149681091308593750 HTTP/1.1" 200 - "-" "WordPress/6.4.10; https://pelican.lrindo.com"
/home/lrindo5/cache/../access-logs/pelican.lrindo.com-ssl_log