209.141.33.142 - - [04/Sep/2026:00:27:49 +0800] "GET /wp-login.php HTTP/1.1" 302 - "-" "Mozilla/5.0 (Macintosh; Intel Mac OS X 10_15_7) AppleWebKit/537.36 (KHTML, like Gecko) Chrome/119.0.0.0 Safari/537.36"
209.141.33.142 - - [04/Sep/2026:00:27:53 +0800] "GET /wp-login.php HTTP/1.1" 302 - "-" "Mozilla/5.0 (Macintosh; Intel Mac OS X 10_15_7) AppleWebKit/537.36 (KHTML, like Gecko) Chrome/119.0.0.0 Safari/537.36"
209.182.193.228 - - [04/Sep/2026:00:27:55 +0800] "POST /wp-cron.php?doing_wp_cron=1788452875.8057279586791992187500 HTTP/1.1" 404 23735 "http://radhia.lrindo.com/wp-cron.php?doing_wp_cron=1788452875.8057279586791992187500" "WordPress/5.2.21; http://radhia.lrindo.com"
209.141.33.142 - - [04/Sep/2026:00:27:57 +0800] "GET /wp-login.php HTTP/1.1" 302 - "-" "Mozilla/5.0 (Macintosh; Intel Mac OS X 10_15_7) AppleWebKit/537.36 (KHTML, like Gecko) Chrome/119.0.0.0 Safari/537.36"
209.141.33.142 - - [04/Sep/2026:00:27:59 +0800] "GET /wp-login.php HTTP/1.1" 302 - "-" "Mozilla/5.0 (Macintosh; Intel Mac OS X 10_15_7) AppleWebKit/537.36 (KHTML, like Gecko) Chrome/119.0.0.0 Safari/537.36"
209.141.33.142 - - [04/Sep/2026:00:28:01 +0800] "GET /wp-login.php HTTP/1.1" 302 - "-" "Mozilla/5.0 (Macintosh; Intel Mac OS X 10_15_7) AppleWebKit/537.36 (KHTML, like Gecko) Chrome/119.0.0.0 Safari/537.36"
45.61.187.30 - - [04/Sep/2026:00:29:11 +0800] "GET /wp-login.php HTTP/1.1" 302 - "-" "Mozilla/5.0 (Macintosh; Intel Mac OS X 10_10) AppleWebKit/600.1.3 (KHTML, like Gecko) Version/8.0 Safari/600.1.3"
209.182.193.228 - - [04/Sep/2026:00:29:14 +0800] "POST /wp-cron.php?doing_wp_cron=1788452954.6507530212402343750000 HTTP/1.1" 404 23735 "http://radhia.lrindo.com/wp-cron.php?doing_wp_cron=1788452954.6507530212402343750000" "WordPress/5.2.21; http://radhia.lrindo.com"
45.61.187.30 - - [04/Sep/2026:00:29:15 +0800] "GET /wp-login.php HTTP/1.1" 302 - "-" "Mozilla/5.0 (Macintosh; Intel Mac OS X 10_10) AppleWebKit/600.1.3 (KHTML, like Gecko) Version/8.0 Safari/600.1.3"
45.61.187.30 - - [04/Sep/2026:00:29:40 +0800] "GET /wp-login.php HTTP/1.1" 302 - "-" "Mozilla/5.0 (Macintosh; Intel Mac OS X 10_10) AppleWebKit/600.1.3 (KHTML, like Gecko) Version/8.0 Safari/600.1.3"
45.61.187.30 - - [04/Sep/2026:00:29:43 +0800] "GET /wp-login.php HTTP/1.1" 302 - "-" "Mozilla/5.0 (Macintosh; Intel Mac OS X 10_10) AppleWebKit/600.1.3 (KHTML, like Gecko) Version/8.0 Safari/600.1.3"
45.61.187.30 - - [04/Sep/2026:00:29:45 +0800] "GET /wp-login.php HTTP/1.1" 302 - "-" "Mozilla/5.0 (Macintosh; Intel Mac OS X 10_10) AppleWebKit/600.1.3 (KHTML, like Gecko) Version/8.0 Safari/600.1.3"
45.61.187.30 - - [04/Sep/2026:00:29:47 +0800] "GET /wp-login.php HTTP/1.1" 302 - "-" "Mozilla/5.0 (Macintosh; Intel Mac OS X 10_10) AppleWebKit/600.1.3 (KHTML, like Gecko) Version/8.0 Safari/600.1.3"
45.61.187.30 - - [04/Sep/2026:00:29:49 +0800] "GET /wp-login.php HTTP/1.1" 302 - "-" "Mozilla/5.0 (Macintosh; Intel Mac OS X 10_10) AppleWebKit/600.1.3 (KHTML, like Gecko) Version/8.0 Safari/600.1.3"
45.61.187.30 - - [04/Sep/2026:00:29:51 +0800] "GET /wp-login.php HTTP/1.1" 302 - "-" "Mozilla/5.0 (Macintosh; Intel Mac OS X 10_10) AppleWebKit/600.1.3 (KHTML, like Gecko) Version/8.0 Safari/600.1.3"
45.61.187.30 - - [04/Sep/2026:00:29:53 +0800] "GET /wp-login.php HTTP/1.1" 302 - "-" "Mozilla/5.0 (Macintosh; Intel Mac OS X 10_10) AppleWebKit/600.1.3 (KHTML, like Gecko) Version/8.0 Safari/600.1.3"
45.61.187.30 - - [04/Sep/2026:00:29:55 +0800] "GET /wp-login.php HTTP/1.1" 302 - "-" "Mozilla/5.0 (Macintosh; Intel Mac OS X 10_10) AppleWebKit/600.1.3 (KHTML, like Gecko) Version/8.0 Safari/600.1.3"
45.61.187.30 - - [04/Sep/2026:00:29:57 +0800] "GET /wp-login.php HTTP/1.1" 302 - "-" "Mozilla/5.0 (Macintosh; Intel Mac OS X 10_10) AppleWebKit/600.1.3 (KHTML, like Gecko) Version/8.0 Safari/600.1.3"
45.61.187.30 - - [04/Sep/2026:00:29:59 +0800] "GET /wp-login.php HTTP/1.1" 302 - "-" "Mozilla/5.0 (Macintosh; Intel Mac OS X 10_10) AppleWebKit/600.1.3 (KHTML, like Gecko) Version/8.0 Safari/600.1.3"
45.61.187.30 - - [04/Sep/2026:00:30:01 +0800] "GET /wp-login.php HTTP/1.1" 302 - "-" "Mozilla/5.0 (Macintosh; Intel Mac OS X 10_10) AppleWebKit/600.1.3 (KHTML, like Gecko) Version/8.0 Safari/600.1.3"
45.61.187.30 - - [04/Sep/2026:00:30:04 +0800] "GET /wp-login.php HTTP/1.1" 302 - "-" "Mozilla/5.0 (Macintosh; Intel Mac OS X 10_10) AppleWebKit/600.1.3 (KHTML, like Gecko) Version/8.0 Safari/600.1.3"
45.61.187.30 - - [04/Sep/2026:00:30:07 +0800] "GET /wp-login.php HTTP/1.1" 302 - "-" "Mozilla/5.0 (Macintosh; Intel Mac OS X 10_10) AppleWebKit/600.1.3 (KHTML, like Gecko) Version/8.0 Safari/600.1.3"
45.61.187.30 - - [04/Sep/2026:00:30:09 +0800] "GET /wp-login.php HTTP/1.1" 302 - "-" "Mozilla/5.0 (Macintosh; Intel Mac OS X 10_10) AppleWebKit/600.1.3 (KHTML, like Gecko) Version/8.0 Safari/600.1.3"
45.61.187.30 - - [04/Sep/2026:00:30:11 +0800] "GET /wp-login.php HTTP/1.1" 302 - "-" "Mozilla/5.0 (Macintosh; Intel Mac OS X 10_10) AppleWebKit/600.1.3 (KHTML, like Gecko) Version/8.0 Safari/600.1.3"
45.61.187.30 - - [04/Sep/2026:00:30:13 +0800] "GET /wp-login.php HTTP/1.1" 302 - "-" "Mozilla/5.0 (Macintosh; Intel Mac OS X 10_10) AppleWebKit/600.1.3 (KHTML, like Gecko) Version/8.0 Safari/600.1.3"
209.182.193.228 - - [04/Sep/2026:00:30:15 +0800] "POST /wp-cron.php?doing_wp_cron=1788453015.3764801025390625000000 HTTP/1.1" 404 23735 "http://radhia.lrindo.com/wp-cron.php?doing_wp_cron=1788453015.3764801025390625000000" "WordPress/5.2.21; http://radhia.lrindo.com"
45.61.187.30 - - [04/Sep/2026:00:30:17 +0800] "GET /wp-login.php HTTP/1.1" 302 - "-" "Mozilla/5.0 (Macintosh; Intel Mac OS X 10_10) AppleWebKit/600.1.3 (KHTML, like Gecko) Version/8.0 Safari/600.1.3"
45.61.187.30 - - [04/Sep/2026:00:30:19 +0800] "GET /wp-login.php HTTP/1.1" 302 - "-" "Mozilla/5.0 (Macintosh; Intel Mac OS X 10_10) AppleWebKit/600.1.3 (KHTML, like Gecko) Version/8.0 Safari/600.1.3"
45.61.187.30 - - [04/Sep/2026:00:30:21 +0800] "GET /wp-login.php HTTP/1.1" 302 - "-" "Mozilla/5.0 (Macintosh; Intel Mac OS X 10_10) AppleWebKit/600.1.3 (KHTML, like Gecko) Version/8.0 Safari/600.1.3"
45.61.187.30 - - [04/Sep/2026:00:30:23 +0800] "GET /wp-login.php HTTP/1.1" 302 - "-" "Mozilla/5.0 (Macintosh; Intel Mac OS X 10_10) AppleWebKit/600.1.3 (KHTML, like Gecko) Version/8.0 Safari/600.1.3"
45.61.187.30 - - [04/Sep/2026:00:30:25 +0800] "GET /wp-login.php HTTP/1.1" 302 - "-" "Mozilla/5.0 (Macintosh; Intel Mac OS X 10_10) AppleWebKit/600.1.3 (KHTML, like Gecko) Version/8.0 Safari/600.1.3"
45.61.187.30 - - [04/Sep/2026:00:30:27 +0800] "GET /wp-login.php HTTP/1.1" 302 - "-" "Mozilla/5.0 (Macintosh; Intel Mac OS X 10_10) AppleWebKit/600.1.3 (KHTML, like Gecko) Version/8.0 Safari/600.1.3"
45.61.187.30 - - [04/Sep/2026:00:30:30 +0800] "GET /wp-login.php HTTP/1.1" 302 - "-" "Mozilla/5.0 (Macintosh; Intel Mac OS X 10_10) AppleWebKit/600.1.3 (KHTML, like Gecko) Version/8.0 Safari/600.1.3"
45.61.187.30 - - [04/Sep/2026:00:30:32 +0800] "GET /wp-login.php HTTP/1.1" 302 - "-" "Mozilla/5.0 (Macintosh; Intel Mac OS X 10_10) AppleWebKit/600.1.3 (KHTML, like Gecko) Version/8.0 Safari/600.1.3"
45.61.187.30 - - [04/Sep/2026:00:30:34 +0800] "GET /wp-login.php HTTP/1.1" 302 - "-" "Mozilla/5.0 (Macintosh; Intel Mac OS X 10_10) AppleWebKit/600.1.3 (KHTML, like Gecko) Version/8.0 Safari/600.1.3"
45.61.187.30 - - [04/Sep/2026:00:30:36 +0800] "GET /wp-login.php HTTP/1.1" 302 - "-" "Mozilla/5.0 (Macintosh; Intel Mac OS X 10_10) AppleWebKit/600.1.3 (KHTML, like Gecko) Version/8.0 Safari/600.1.3"
45.61.187.30 - - [04/Sep/2026:00:30:39 +0800] "GET /wp-login.php HTTP/1.1" 302 - "-" "Mozilla/5.0 (Macintosh; Intel Mac OS X 10_10) AppleWebKit/600.1.3 (KHTML, like Gecko) Version/8.0 Safari/600.1.3"
45.61.187.30 - - [04/Sep/2026:00:30:41 +0800] "GET /wp-login.php HTTP/1.1" 302 - "-" "Mozilla/5.0 (Macintosh; Intel Mac OS X 10_10) AppleWebKit/600.1.3 (KHTML, like Gecko) Version/8.0 Safari/600.1.3"
45.61.187.30 - - [04/Sep/2026:00:30:44 +0800] "GET /wp-login.php HTTP/1.1" 302 - "-" "Mozilla/5.0 (Macintosh; Intel Mac OS X 10_10) AppleWebKit/600.1.3 (KHTML, like Gecko) Version/8.0 Safari/600.1.3"
114.119.133.35 - - [04/Sep/2026:01:05:11 +0800] "GET /klm-radhia-nitya/ HTTP/1.1" 200 - "http://radhia.lrindo.com/destinations/raja-ampat/" "Mozilla/5.0 (Linux; Android 7.0;) AppleWebKit/537.36 (HTML, like Gecko) Mobile Safari/537.36 (compatible; PetalBot;+https://webmaster.petalsearch.com/site/petalbot)"
209.141.52.196 - - [04/Sep/2026:01:29:44 +0800] "GET /wp-login.php HTTP/1.1" 302 - "-" "Mozilla/5.0 (Macintosh; Intel Mac OS X 10_9_2) AppleWebKit/537.74.9 (KHTML, like Gecko) Version/7.0.2 Safari/537.74.9"
209.182.193.228 - - [04/Sep/2026:01:29:46 +0800] "POST /wp-cron.php?doing_wp_cron=1788456586.4856340885162353515625 HTTP/1.1" 404 23735 "http://radhia.lrindo.com/wp-cron.php?doing_wp_cron=1788456586.4856340885162353515625" "WordPress/5.2.21; http://radhia.lrindo.com"
209.141.52.196 - - [04/Sep/2026:01:29:47 +0800] "GET /wp-login.php HTTP/1.1" 302 - "-" "Mozilla/5.0 (Macintosh; Intel Mac OS X 10_9_2) AppleWebKit/537.74.9 (KHTML, like Gecko) Version/7.0.2 Safari/537.74.9"
209.141.52.196 - - [04/Sep/2026:01:29:49 +0800] "GET /wp-login.php HTTP/1.1" 302 - "-" "Mozilla/5.0 (Macintosh; Intel Mac OS X 10_9_2) AppleWebKit/537.74.9 (KHTML, like Gecko) Version/7.0.2 Safari/537.74.9"
209.141.52.196 - - [04/Sep/2026:01:29:51 +0800] "GET /wp-login.php HTTP/1.1" 302 - "-" "Mozilla/5.0 (Macintosh; Intel Mac OS X 10_9_2) AppleWebKit/537.74.9 (KHTML, like Gecko) Version/7.0.2 Safari/537.74.9"
209.141.52.196 - - [04/Sep/2026:01:29:54 +0800] "GET /wp-login.php HTTP/1.1" 302 - "-" "Mozilla/5.0 (Macintosh; Intel Mac OS X 10_9_2) AppleWebKit/537.74.9 (KHTML, like Gecko) Version/7.0.2 Safari/537.74.9"
209.141.52.196 - - [04/Sep/2026:01:29:55 +0800] "GET /wp-login.php HTTP/1.1" 302 - "-" "Mozilla/5.0 (Macintosh; Intel Mac OS X 10_9_2) AppleWebKit/537.74.9 (KHTML, like Gecko) Version/7.0.2 Safari/537.74.9"
209.141.52.196 - - [04/Sep/2026:01:29:57 +0800] "GET /wp-login.php HTTP/1.1" 302 - "-" "Mozilla/5.0 (Macintosh; Intel Mac OS X 10_9_2) AppleWebKit/537.74.9 (KHTML, like Gecko) Version/7.0.2 Safari/537.74.9"
209.141.52.196 - - [04/Sep/2026:01:30:00 +0800] "GET /wp-login.php HTTP/1.1" 302 - "-" "Mozilla/5.0 (Macintosh; Intel Mac OS X 10_9_2) AppleWebKit/537.74.9 (KHTML, like Gecko) Version/7.0.2 Safari/537.74.9"
209.141.52.196 - - [04/Sep/2026:01:30:02 +0800] "GET /wp-login.php HTTP/1.1" 302 - "-" "Mozilla/5.0 (Macintosh; Intel Mac OS X 10_9_2) AppleWebKit/537.74.9 (KHTML, like Gecko) Version/7.0.2 Safari/537.74.9"
209.141.52.196 - - [04/Sep/2026:01:30:09 +0800] "GET /wp-login.php HTTP/1.1" 302 - "-" "Mozilla/5.0 (Macintosh; Intel Mac OS X 10_9_2) AppleWebKit/537.74.9 (KHTML, like Gecko) Version/7.0.2 Safari/537.74.9"
209.141.52.196 - - [04/Sep/2026:01:30:11 +0800] "GET /wp-login.php HTTP/1.1" 302 - "-" "Mozilla/5.0 (Macintosh; Intel Mac OS X 10_9_2) AppleWebKit/537.74.9 (KHTML, like Gecko) Version/7.0.2 Safari/537.74.9"
209.141.52.196 - - [04/Sep/2026:01:30:13 +0800] "GET /wp-login.php HTTP/1.1" 302 - "-" "Mozilla/5.0 (Macintosh; Intel Mac OS X 10_9_2) AppleWebKit/537.74.9 (KHTML, like Gecko) Version/7.0.2 Safari/537.74.9"
209.141.52.196 - - [04/Sep/2026:01:30:15 +0800] "GET /wp-login.php HTTP/1.1" 302 - "-" "Mozilla/5.0 (Macintosh; Intel Mac OS X 10_9_2) AppleWebKit/537.74.9 (KHTML, like Gecko) Version/7.0.2 Safari/537.74.9"
209.141.52.196 - - [04/Sep/2026:01:30:17 +0800] "GET /wp-login.php HTTP/1.1" 302 - "-" "Mozilla/5.0 (Macintosh; Intel Mac OS X 10_9_2) AppleWebKit/537.74.9 (KHTML, like Gecko) Version/7.0.2 Safari/537.74.9"
209.141.52.196 - - [04/Sep/2026:01:30:18 +0800] "GET /wp-login.php HTTP/1.1" 302 - "-" "Mozilla/5.0 (Macintosh; Intel Mac OS X 10_9_2) AppleWebKit/537.74.9 (KHTML, like Gecko) Version/7.0.2 Safari/537.74.9"
209.141.52.196 - - [04/Sep/2026:01:30:20 +0800] "GET /wp-login.php HTTP/1.1" 302 - "-" "Mozilla/5.0 (Macintosh; Intel Mac OS X 10_9_2) AppleWebKit/537.74.9 (KHTML, like Gecko) Version/7.0.2 Safari/537.74.9"
209.141.52.196 - - [04/Sep/2026:01:30:22 +0800] "GET /wp-login.php HTTP/1.1" 302 - "-" "Mozilla/5.0 (Macintosh; Intel Mac OS X 10_9_2) AppleWebKit/537.74.9 (KHTML, like Gecko) Version/7.0.2 Safari/537.74.9"
209.141.52.196 - - [04/Sep/2026:01:30:24 +0800] "GET /wp-login.php HTTP/1.1" 302 - "-" "Mozilla/5.0 (Macintosh; Intel Mac OS X 10_9_2) AppleWebKit/537.74.9 (KHTML, like Gecko) Version/7.0.2 Safari/537.74.9"
209.141.52.196 - - [04/Sep/2026:01:30:26 +0800] "GET /wp-login.php HTTP/1.1" 302 - "-" "Mozilla/5.0 (Macintosh; Intel Mac OS X 10_9_2) AppleWebKit/537.74.9 (KHTML, like Gecko) Version/7.0.2 Safari/537.74.9"
209.141.52.196 - - [04/Sep/2026:01:30:28 +0800] "GET /wp-login.php HTTP/1.1" 302 - "-" "Mozilla/5.0 (Macintosh; Intel Mac OS X 10_9_2) AppleWebKit/537.74.9 (KHTML, like Gecko) Version/7.0.2 Safari/537.74.9"
209.141.52.196 - - [04/Sep/2026:01:30:30 +0800] "GET /wp-login.php HTTP/1.1" 302 - "-" "Mozilla/5.0 (Macintosh; Intel Mac OS X 10_9_2) AppleWebKit/537.74.9 (KHTML, like Gecko) Version/7.0.2 Safari/537.74.9"
209.141.52.196 - - [04/Sep/2026:01:30:32 +0800] "GET /wp-login.php HTTP/1.1" 302 - "-" "Mozilla/5.0 (Macintosh; Intel Mac OS X 10_9_2) AppleWebKit/537.74.9 (KHTML, like Gecko) Version/7.0.2 Safari/537.74.9"
209.141.52.196 - - [04/Sep/2026:01:30:34 +0800] "GET /wp-login.php HTTP/1.1" 302 - "-" "Mozilla/5.0 (Macintosh; Intel Mac OS X 10_9_2) AppleWebKit/537.74.9 (KHTML, like Gecko) Version/7.0.2 Safari/537.74.9"
209.141.52.196 - - [04/Sep/2026:01:30:36 +0800] "GET /wp-login.php HTTP/1.1" 302 - "-" "Mozilla/5.0 (Macintosh; Intel Mac OS X 10_9_2) AppleWebKit/537.74.9 (KHTML, like Gecko) Version/7.0.2 Safari/537.74.9"
209.141.52.196 - - [04/Sep/2026:01:30:37 +0800] "GET /wp-login.php HTTP/1.1" 302 - "-" "Mozilla/5.0 (Macintosh; Intel Mac OS X 10_9_2) AppleWebKit/537.74.9 (KHTML, like Gecko) Version/7.0.2 Safari/537.74.9"
209.141.52.196 - - [04/Sep/2026:01:30:39 +0800] "GET /wp-login.php HTTP/1.1" 302 - "-" "Mozilla/5.0 (Macintosh; Intel Mac OS X 10_9_2) AppleWebKit/537.74.9 (KHTML, like Gecko) Version/7.0.2 Safari/537.74.9"
209.141.52.196 - - [04/Sep/2026:01:30:41 +0800] "GET /wp-login.php HTTP/1.1" 302 - "-" "Mozilla/5.0 (Macintosh; Intel Mac OS X 10_9_2) AppleWebKit/537.74.9 (KHTML, like Gecko) Version/7.0.2 Safari/537.74.9"
209.141.52.196 - - [04/Sep/2026:01:30:43 +0800] "GET /wp-login.php HTTP/1.1" 302 - "-" "Mozilla/5.0 (Macintosh; Intel Mac OS X 10_9_2) AppleWebKit/537.74.9 (KHTML, like Gecko) Version/7.0.2 Safari/537.74.9"
209.141.52.196 - - [04/Sep/2026:01:30:45 +0800] "GET /wp-login.php HTTP/1.1" 302 - "-" "Mozilla/5.0 (Macintosh; Intel Mac OS X 10_9_2) AppleWebKit/537.74.9 (KHTML, like Gecko) Version/7.0.2 Safari/537.74.9"
209.182.193.228 - - [04/Sep/2026:01:30:46 +0800] "POST /wp-cron.php?doing_wp_cron=1788456646.8976759910583496093750 HTTP/1.1" 404 23735 "http://radhia.lrindo.com/wp-cron.php?doing_wp_cron=1788456646.8976759910583496093750" "WordPress/5.2.21; http://radhia.lrindo.com"
209.141.52.196 - - [04/Sep/2026:01:30:48 +0800] "GET /wp-login.php HTTP/1.1" 302 - "-" "Mozilla/5.0 (Macintosh; Intel Mac OS X 10_9_2) AppleWebKit/537.74.9 (KHTML, like Gecko) Version/7.0.2 Safari/537.74.9"
209.141.52.196 - - [04/Sep/2026:01:30:49 +0800] "GET /wp-login.php HTTP/1.1" 302 - "-" "Mozilla/5.0 (Macintosh; Intel Mac OS X 10_9_2) AppleWebKit/537.74.9 (KHTML, like Gecko) Version/7.0.2 Safari/537.74.9"
114.119.132.104 - - [04/Sep/2026:02:11:48 +0800] "GET /destinations/ HTTP/1.1" 200 - "http://radhia.lrindo.com/destinations/" "Mozilla/5.0 (Linux; Android 7.0;) AppleWebKit/537.36 (HTML, like Gecko) Mobile Safari/537.36 (compatible; PetalBot;+https://webmaster.petalsearch.com/site/petalbot)"
148.72.244.175 - - [04/Sep/2026:02:11:50 +0800] "GET /.well-known/acme-challenge/CL5VC_--UJD6T9BSZL8-FFLWOAFC8RKF HTTP/1.1" 404 - "-" "Cpanel-HTTP-Client/1.0"
148.72.244.175 - - [04/Sep/2026:02:11:53 +0800] "GET /.well-known/acme-challenge/PPITQK92B-9_FKOP5Q7KDBQYYBIDRRWY HTTP/1.1" 404 - "-" "Cpanel-HTTP-Client/1.0"
193.29.139.223 - - [04/Sep/2026:02:32:37 +0800] "GET / HTTP/1.1" 200 63155 "-" "Mozilla/5.0 (Windows NT 6.2; Trident/7.0; rv:11.0) like Gecko"
209.182.193.228 - - [04/Sep/2026:02:32:40 +0800] "POST /wp-cron.php?doing_wp_cron=1788460360.3318688869476318359375 HTTP/1.1" 404 23735 "http://radhia.lrindo.com/wp-cron.php?doing_wp_cron=1788460360.3318688869476318359375" "WordPress/5.2.21; http://radhia.lrindo.com"
193.29.139.223 - - [04/Sep/2026:02:32:43 +0800] "POST /?wpmudev-hub=3b834ac7653eb5c4-1788460330763093 HTTP/1.1" 200 1642 "http://radhia.lrindo.com/" "Mozilla/5.0 (Windows NT 6.2; Trident/7.0; rv:11.0) like Gecko"
193.29.139.223 - - [04/Sep/2026:02:32:46 +0800] "POST /?wpmudev-hub=2d299a9928081d60-1788460334058661 HTTP/1.1" 200 346 "http://radhia.lrindo.com/?wpmudev-hub=3b834ac7653eb5c4-1788460330763093" "Mozilla/5.0 (Windows NT 6.2; Trident/7.0; rv:11.0) like Gecko"
193.29.139.223 - - [04/Sep/2026:02:32:52 +0800] "GET /wp-content/plugins/background-image-cropper/accesson.php HTTP/1.1" 404 310622 "http://radhia.lrindo.com/?wpmudev-hub=2d299a9928081d60-1788460334058661" "Mozilla/5.0 (Windows NT 6.2; Trident/7.0; rv:11.0) like Gecko"
193.29.139.223 - - [04/Sep/2026:02:32:59 +0800] "GET /accesson.php HTTP/1.1" 404 310608 "http://radhia.lrindo.com/wp-content/plugins/background-image-cropper/accesson.php" "Mozilla/5.0 (Windows NT 6.2; Trident/7.0; rv:11.0) like Gecko"
209.141.52.196 - - [04/Sep/2026:02:49:11 +0800] "GET /wp-login.php HTTP/1.1" 302 - "-" "Mozilla/5.0 (Windows NT 10.0; Win64; x64) AppleWebKit/537.36 (KHTML, like Gecko) Chrome/143.0.0.0 Safari/537.36"
209.141.52.196 - - [04/Sep/2026:02:49:13 +0800] "GET /wp-login.php HTTP/1.1" 302 - "-" "Mozilla/5.0 (Windows NT 10.0; Win64; x64) AppleWebKit/537.36 (KHTML, like Gecko) Chrome/143.0.0.0 Safari/537.36"
209.141.52.196 - - [04/Sep/2026:02:49:15 +0800] "GET /wp-login.php HTTP/1.1" 302 - "-" "Mozilla/5.0 (Windows NT 10.0; Win64; x64) AppleWebKit/537.36 (KHTML, like Gecko) Chrome/143.0.0.0 Safari/537.36"
209.141.52.196 - - [04/Sep/2026:02:49:17 +0800] "GET /wp-login.php HTTP/1.1" 302 - "-" "Mozilla/5.0 (Windows NT 10.0; Win64; x64) AppleWebKit/537.36 (KHTML, like Gecko) Chrome/143.0.0.0 Safari/537.36"
209.141.52.196 - - [04/Sep/2026:02:49:19 +0800] "GET /wp-login.php HTTP/1.1" 302 - "-" "Mozilla/5.0 (Windows NT 10.0; Win64; x64) AppleWebKit/537.36 (KHTML, like Gecko) Chrome/143.0.0.0 Safari/537.36"
209.141.52.196 - - [04/Sep/2026:02:49:21 +0800] "GET /wp-login.php HTTP/1.1" 302 - "-" "Mozilla/5.0 (Windows NT 10.0; Win64; x64) AppleWebKit/537.36 (KHTML, like Gecko) Chrome/143.0.0.0 Safari/537.36"
209.141.52.196 - - [04/Sep/2026:02:49:24 +0800] "GET /wp-login.php HTTP/1.1" 302 - "-" "Mozilla/5.0 (Windows NT 10.0; Win64; x64) AppleWebKit/537.36 (KHTML, like Gecko) Chrome/143.0.0.0 Safari/537.36"
209.141.52.196 - - [04/Sep/2026:02:49:26 +0800] "GET /wp-login.php HTTP/1.1" 302 - "-" "Mozilla/5.0 (Windows NT 10.0; Win64; x64) AppleWebKit/537.36 (KHTML, like Gecko) Chrome/143.0.0.0 Safari/537.36"
209.141.52.196 - - [04/Sep/2026:02:49:27 +0800] "GET /wp-login.php HTTP/1.1" 302 - "-" "Mozilla/5.0 (Windows NT 10.0; Win64; x64) AppleWebKit/537.36 (KHTML, like Gecko) Chrome/143.0.0.0 Safari/537.36"
209.141.52.196 - - [04/Sep/2026:02:49:30 +0800] "GET /wp-login.php HTTP/1.1" 302 - "-" "Mozilla/5.0 (Windows NT 10.0; Win64; x64) AppleWebKit/537.36 (KHTML, like Gecko) Chrome/143.0.0.0 Safari/537.36"
209.141.52.196 - - [04/Sep/2026:02:49:31 +0800] "GET /wp-login.php HTTP/1.1" 302 - "-" "Mozilla/5.0 (Windows NT 10.0; Win64; x64) AppleWebKit/537.36 (KHTML, like Gecko) Chrome/143.0.0.0 Safari/537.36"
209.141.52.196 - - [04/Sep/2026:02:49:33 +0800] "GET /wp-login.php HTTP/1.1" 302 - "-" "Mozilla/5.0 (Windows NT 10.0; Win64; x64) AppleWebKit/537.36 (KHTML, like Gecko) Chrome/143.0.0.0 Safari/537.36"
209.141.52.196 - - [04/Sep/2026:02:49:35 +0800] "GET /wp-login.php HTTP/1.1" 302 - "-" "Mozilla/5.0 (Windows NT 10.0; Win64; x64) AppleWebKit/537.36 (KHTML, like Gecko) Chrome/143.0.0.0 Safari/537.36"
209.141.52.196 - - [04/Sep/2026:02:49:37 +0800] "GET /wp-login.php HTTP/1.1" 302 - "-" "Mozilla/5.0 (Windows NT 10.0; Win64; x64) AppleWebKit/537.36 (KHTML, like Gecko) Chrome/143.0.0.0 Safari/537.36"
209.141.52.196 - - [04/Sep/2026:02:49:39 +0800] "GET /wp-login.php HTTP/1.1" 302 - "-" "Mozilla/5.0 (Windows NT 10.0; Win64; x64) AppleWebKit/537.36 (KHTML, like Gecko) Chrome/143.0.0.0 Safari/537.36"
209.141.52.196 - - [04/Sep/2026:02:49:41 +0800] "GET /wp-login.php HTTP/1.1" 302 - "-" "Mozilla/5.0 (Windows NT 10.0; Win64; x64) AppleWebKit/537.36 (KHTML, like Gecko) Chrome/143.0.0.0 Safari/537.36"
209.141.52.196 - - [04/Sep/2026:02:49:43 +0800] "GET /wp-login.php HTTP/1.1" 302 - "-" "Mozilla/5.0 (Windows NT 10.0; Win64; x64) AppleWebKit/537.36 (KHTML, like Gecko) Chrome/143.0.0.0 Safari/537.36"
209.141.52.196 - - [04/Sep/2026:02:49:45 +0800] "GET /wp-login.php HTTP/1.1" 302 - "-" "Mozilla/5.0 (Windows NT 10.0; Win64; x64) AppleWebKit/537.36 (KHTML, like Gecko) Chrome/143.0.0.0 Safari/537.36"
209.141.52.196 - - [04/Sep/2026:02:49:47 +0800] "GET /wp-login.php HTTP/1.1" 302 - "-" "Mozilla/5.0 (Windows NT 10.0; Win64; x64) AppleWebKit/537.36 (KHTML, like Gecko) Chrome/143.0.0.0 Safari/537.36"
209.141.52.196 - - [04/Sep/2026:02:49:48 +0800] "GET /wp-login.php HTTP/1.1" 302 - "-" "Mozilla/5.0 (Windows NT 10.0; Win64; x64) AppleWebKit/537.36 (KHTML, like Gecko) Chrome/143.0.0.0 Safari/537.36"
209.141.52.196 - - [04/Sep/2026:02:49:50 +0800] "GET /wp-login.php HTTP/1.1" 302 - "-" "Mozilla/5.0 (Windows NT 10.0; Win64; x64) AppleWebKit/537.36 (KHTML, like Gecko) Chrome/143.0.0.0 Safari/537.36"
209.141.52.196 - - [04/Sep/2026:02:49:52 +0800] "GET /wp-login.php HTTP/1.1" 302 - "-" "Mozilla/5.0 (Windows NT 10.0; Win64; x64) AppleWebKit/537.36 (KHTML, like Gecko) Chrome/143.0.0.0 Safari/537.36"
209.141.52.196 - - [04/Sep/2026:02:49:54 +0800] "GET /wp-login.php HTTP/1.1" 302 - "-" "Mozilla/5.0 (Windows NT 10.0; Win64; x64) AppleWebKit/537.36 (KHTML, like Gecko) Chrome/143.0.0.0 Safari/537.36"
209.141.52.196 - - [04/Sep/2026:02:49:56 +0800] "GET /wp-login.php HTTP/1.1" 302 - "-" "Mozilla/5.0 (Windows NT 10.0; Win64; x64) AppleWebKit/537.36 (KHTML, like Gecko) Chrome/143.0.0.0 Safari/537.36"
209.141.52.196 - - [04/Sep/2026:02:49:58 +0800] "GET /wp-login.php HTTP/1.1" 302 - "-" "Mozilla/5.0 (Windows NT 10.0; Win64; x64) AppleWebKit/537.36 (KHTML, like Gecko) Chrome/143.0.0.0 Safari/537.36"
209.141.52.196 - - [04/Sep/2026:02:50:02 +0800] "GET /wp-login.php HTTP/1.1" 302 - "-" "Mozilla/5.0 (Windows NT 10.0; Win64; x64) AppleWebKit/537.36 (KHTML, like Gecko) Chrome/143.0.0.0 Safari/537.36"
209.141.52.196 - - [04/Sep/2026:02:50:04 +0800] "GET /wp-login.php HTTP/1.1" 302 - "-" "Mozilla/5.0 (Windows NT 10.0; Win64; x64) AppleWebKit/537.36 (KHTML, like Gecko) Chrome/143.0.0.0 Safari/537.36"
209.141.52.196 - - [04/Sep/2026:02:50:06 +0800] "GET /wp-login.php HTTP/1.1" 302 - "-" "Mozilla/5.0 (Windows NT 10.0; Win64; x64) AppleWebKit/537.36 (KHTML, like Gecko) Chrome/143.0.0.0 Safari/537.36"
209.141.52.196 - - [04/Sep/2026:02:50:09 +0800] "GET /wp-login.php HTTP/1.1" 302 - "-" "Mozilla/5.0 (Windows NT 10.0; Win64; x64) AppleWebKit/537.36 (KHTML, like Gecko) Chrome/143.0.0.0 Safari/537.36"
209.141.52.196 - - [04/Sep/2026:02:50:10 +0800] "GET /wp-login.php HTTP/1.1" 302 - "-" "Mozilla/5.0 (Windows NT 10.0; Win64; x64) AppleWebKit/537.36 (KHTML, like Gecko) Chrome/143.0.0.0 Safari/537.36"
209.141.52.196 - - [04/Sep/2026:02:50:12 +0800] "GET /wp-login.php HTTP/1.1" 302 - "-" "Mozilla/5.0 (Windows NT 10.0; Win64; x64) AppleWebKit/537.36 (KHTML, like Gecko) Chrome/143.0.0.0 Safari/537.36"
54.87.62.248 - - [04/Sep/2026:04:05:48 +0800] "GET /open-trip/ HTTP/1.1" 200 - "-" "Mozilla/5.0 AppleWebKit/537.36 (KHTML, like Gecko; compatible; Amazonbot/0.1; +https://developer.amazon.com/support/amazonbot) Chrome/119.0.6045.214 Safari/537.36"
209.182.193.228 - - [04/Sep/2026:04:47:57 +0800] "POST /wp-cron.php?doing_wp_cron=1788468477.8059029579162597656250 HTTP/1.1" 404 23735 "http://radhia.lrindo.com/wp-cron.php?doing_wp_cron=1788468477.8059029579162597656250" "WordPress/5.2.21; http://radhia.lrindo.com"
109.107.186.106 - - [04/Sep/2026:04:47:56 +0800] "GET /2aff61b297cc.php HTTP/1.1" 404 310578 "-" "Mozilla/5.0 (compatible; MSIE 9.0; Windows NT 6.3; Trident/5.0)"
109.107.186.106 - - [04/Sep/2026:04:47:57 +0800] "GET /assets/images/accesson.php HTTP/1.1" 404 310608 "-" "Mozilla/5.0 (Windows NT 6.3) AppleWebKit/537.36 (KHTML, like Gecko) Chrome/50.0.2699.73 Safari/537.36"
209.182.193.228 - - [04/Sep/2026:04:50:48 +0800] "POST /wp-cron.php?doing_wp_cron=1788468648.0008609294891357421875 HTTP/1.1" 404 23735 "http://radhia.lrindo.com/wp-cron.php?doing_wp_cron=1788468648.0008609294891357421875" "WordPress/5.2.21; http://radhia.lrindo.com"
45.143.20.147 - - [04/Sep/2026:04:50:46 +0800] "GET /2aff61b297cc.php HTTP/1.1" 404 310608 "-" "Mozilla/5.0 (Windows NT 6.3; Win64; x64; rv:47.0) Gecko/20100101 Firefox/47.0"
45.143.20.147 - - [04/Sep/2026:04:50:49 +0800] "GET /assets/images/accesson.php HTTP/1.1" 404 310608 "-" "Mozilla/5.0 (Windows NT 6.3; rv:51.0) Gecko/20100101 Firefox/51.0"
209.141.37.250 - - [04/Sep/2026:05:09:41 +0800] "GET /wp-login.php HTTP/1.1" 302 - "-" "Mozilla/5.0 (Windows NT 10.0; Win64; x64) AppleWebKit/537.36 (KHTML, like Gecko) Chrome/114.0.0.0 Safari/537.36"
209.182.193.228 - - [04/Sep/2026:05:09:42 +0800] "POST /wp-cron.php?doing_wp_cron=1788469782.3463499546051025390625 HTTP/1.1" 404 23735 "http://radhia.lrindo.com/wp-cron.php?doing_wp_cron=1788469782.3463499546051025390625" "WordPress/5.2.21; http://radhia.lrindo.com"
209.141.37.250 - - [04/Sep/2026:05:09:43 +0800] "GET /wp-login.php HTTP/1.1" 302 - "-" "Mozilla/5.0 (Windows NT 10.0; Win64; x64) AppleWebKit/537.36 (KHTML, like Gecko) Chrome/114.0.0.0 Safari/537.36"
209.141.37.250 - - [04/Sep/2026:05:09:44 +0800] "GET /wp-login.php HTTP/1.1" 302 - "-" "Mozilla/5.0 (Windows NT 10.0; Win64; x64) AppleWebKit/537.36 (KHTML, like Gecko) Chrome/114.0.0.0 Safari/537.36"
209.141.37.250 - - [04/Sep/2026:05:09:46 +0800] "GET /wp-login.php HTTP/1.1" 302 - "-" "Mozilla/5.0 (Windows NT 10.0; Win64; x64) AppleWebKit/537.36 (KHTML, like Gecko) Chrome/114.0.0.0 Safari/537.36"
209.141.37.250 - - [04/Sep/2026:05:09:47 +0800] "GET /wp-login.php HTTP/1.1" 302 - "-" "Mozilla/5.0 (Windows NT 10.0; Win64; x64) AppleWebKit/537.36 (KHTML, like Gecko) Chrome/114.0.0.0 Safari/537.36"
209.141.37.250 - - [04/Sep/2026:05:09:48 +0800] "GET /wp-login.php HTTP/1.1" 302 - "-" "Mozilla/5.0 (Windows NT 10.0; Win64; x64) AppleWebKit/537.36 (KHTML, like Gecko) Chrome/114.0.0.0 Safari/537.36"
209.141.37.250 - - [04/Sep/2026:05:09:49 +0800] "GET /wp-login.php HTTP/1.1" 302 - "-" "Mozilla/5.0 (Windows NT 10.0; Win64; x64) AppleWebKit/537.36 (KHTML, like Gecko) Chrome/114.0.0.0 Safari/537.36"
209.141.37.250 - - [04/Sep/2026:05:09:51 +0800] "GET /wp-login.php HTTP/1.1" 302 - "-" "Mozilla/5.0 (Windows NT 10.0; Win64; x64) AppleWebKit/537.36 (KHTML, like Gecko) Chrome/114.0.0.0 Safari/537.36"
209.141.37.250 - - [04/Sep/2026:05:09:52 +0800] "GET /wp-login.php HTTP/1.1" 302 - "-" "Mozilla/5.0 (Windows NT 10.0; Win64; x64) AppleWebKit/537.36 (KHTML, like Gecko) Chrome/114.0.0.0 Safari/537.36"
209.141.37.250 - - [04/Sep/2026:05:09:53 +0800] "GET /wp-login.php HTTP/1.1" 302 - "-" "Mozilla/5.0 (Windows NT 10.0; Win64; x64) AppleWebKit/537.36 (KHTML, like Gecko) Chrome/114.0.0.0 Safari/537.36"
209.141.37.250 - - [04/Sep/2026:05:09:55 +0800] "GET /wp-login.php HTTP/1.1" 302 - "-" "Mozilla/5.0 (Windows NT 10.0; Win64; x64) AppleWebKit/537.36 (KHTML, like Gecko) Chrome/114.0.0.0 Safari/537.36"
209.141.37.250 - - [04/Sep/2026:05:09:56 +0800] "GET /wp-login.php HTTP/1.1" 302 - "-" "Mozilla/5.0 (Windows NT 10.0; Win64; x64) AppleWebKit/537.36 (KHTML, like Gecko) Chrome/114.0.0.0 Safari/537.36"
209.141.37.250 - - [04/Sep/2026:05:09:57 +0800] "GET /wp-login.php HTTP/1.1" 302 - "-" "Mozilla/5.0 (Windows NT 10.0; Win64; x64) AppleWebKit/537.36 (KHTML, like Gecko) Chrome/114.0.0.0 Safari/537.36"
209.141.37.250 - - [04/Sep/2026:05:09:58 +0800] "GET /wp-login.php HTTP/1.1" 302 - "-" "Mozilla/5.0 (Windows NT 10.0; Win64; x64) AppleWebKit/537.36 (KHTML, like Gecko) Chrome/114.0.0.0 Safari/537.36"
209.141.37.250 - - [04/Sep/2026:05:10:00 +0800] "GET /wp-login.php HTTP/1.1" 302 - "-" "Mozilla/5.0 (Windows NT 10.0; Win64; x64) AppleWebKit/537.36 (KHTML, like Gecko) Chrome/114.0.0.0 Safari/537.36"
209.141.37.250 - - [04/Sep/2026:05:10:01 +0800] "GET /wp-login.php HTTP/1.1" 302 - "-" "Mozilla/5.0 (Windows NT 10.0; Win64; x64) AppleWebKit/537.36 (KHTML, like Gecko) Chrome/114.0.0.0 Safari/537.36"
209.141.37.250 - - [04/Sep/2026:05:10:02 +0800] "GET /wp-login.php HTTP/1.1" 302 - "-" "Mozilla/5.0 (Windows NT 10.0; Win64; x64) AppleWebKit/537.36 (KHTML, like Gecko) Chrome/114.0.0.0 Safari/537.36"
209.141.37.250 - - [04/Sep/2026:05:10:04 +0800] "GET /wp-login.php HTTP/1.1" 302 - "-" "Mozilla/5.0 (Windows NT 10.0; Win64; x64) AppleWebKit/537.36 (KHTML, like Gecko) Chrome/114.0.0.0 Safari/537.36"
209.141.37.250 - - [04/Sep/2026:05:10:05 +0800] "GET /wp-login.php HTTP/1.1" 302 - "-" "Mozilla/5.0 (Windows NT 10.0; Win64; x64) AppleWebKit/537.36 (KHTML, like Gecko) Chrome/114.0.0.0 Safari/537.36"
209.141.37.250 - - [04/Sep/2026:05:10:06 +0800] "GET /wp-login.php HTTP/1.1" 302 - "-" "Mozilla/5.0 (Windows NT 10.0; Win64; x64) AppleWebKit/537.36 (KHTML, like Gecko) Chrome/114.0.0.0 Safari/537.36"
209.141.37.250 - - [04/Sep/2026:05:10:09 +0800] "GET /wp-login.php HTTP/1.1" 302 - "-" "Mozilla/5.0 (Windows NT 10.0; Win64; x64) AppleWebKit/537.36 (KHTML, like Gecko) Chrome/114.0.0.0 Safari/537.36"
209.141.37.250 - - [04/Sep/2026:05:10:10 +0800] "GET /wp-login.php HTTP/1.1" 302 - "-" "Mozilla/5.0 (Windows NT 10.0; Win64; x64) AppleWebKit/537.36 (KHTML, like Gecko) Chrome/114.0.0.0 Safari/537.36"
209.141.37.250 - - [04/Sep/2026:05:10:11 +0800] "GET /wp-login.php HTTP/1.1" 302 - "-" "Mozilla/5.0 (Windows NT 10.0; Win64; x64) AppleWebKit/537.36 (KHTML, like Gecko) Chrome/114.0.0.0 Safari/537.36"
209.141.37.250 - - [04/Sep/2026:05:10:13 +0800] "GET /wp-login.php HTTP/1.1" 302 - "-" "Mozilla/5.0 (Windows NT 10.0; Win64; x64) AppleWebKit/537.36 (KHTML, like Gecko) Chrome/114.0.0.0 Safari/537.36"
209.141.37.250 - - [04/Sep/2026:05:10:14 +0800] "GET /wp-login.php HTTP/1.1" 302 - "-" "Mozilla/5.0 (Windows NT 10.0; Win64; x64) AppleWebKit/537.36 (KHTML, like Gecko) Chrome/114.0.0.0 Safari/537.36"
209.141.37.250 - - [04/Sep/2026:05:10:15 +0800] "GET /wp-login.php HTTP/1.1" 302 - "-" "Mozilla/5.0 (Windows NT 10.0; Win64; x64) AppleWebKit/537.36 (KHTML, like Gecko) Chrome/114.0.0.0 Safari/537.36"
209.141.37.250 - - [04/Sep/2026:05:10:17 +0800] "GET /wp-login.php HTTP/1.1" 302 - "-" "Mozilla/5.0 (Windows NT 10.0; Win64; x64) AppleWebKit/537.36 (KHTML, like Gecko) Chrome/114.0.0.0 Safari/537.36"
209.141.37.250 - - [04/Sep/2026:05:10:18 +0800] "GET /wp-login.php HTTP/1.1" 302 - "-" "Mozilla/5.0 (Windows NT 10.0; Win64; x64) AppleWebKit/537.36 (KHTML, like Gecko) Chrome/114.0.0.0 Safari/537.36"
209.141.37.250 - - [04/Sep/2026:05:10:19 +0800] "GET /wp-login.php HTTP/1.1" 302 - "-" "Mozilla/5.0 (Windows NT 10.0; Win64; x64) AppleWebKit/537.36 (KHTML, like Gecko) Chrome/114.0.0.0 Safari/537.36"
209.141.37.250 - - [04/Sep/2026:05:10:21 +0800] "GET /wp-login.php HTTP/1.1" 302 - "-" "Mozilla/5.0 (Windows NT 10.0; Win64; x64) AppleWebKit/537.36 (KHTML, like Gecko) Chrome/114.0.0.0 Safari/537.36"
209.141.37.250 - - [04/Sep/2026:05:10:22 +0800] "GET /wp-login.php HTTP/1.1" 302 - "-" "Mozilla/5.0 (Windows NT 10.0; Win64; x64) AppleWebKit/537.36 (KHTML, like Gecko) Chrome/114.0.0.0 Safari/537.36"
66.249.79.224 - - [04/Sep/2026:05:10:39 +0800] "GET /robots.txt HTTP/1.1" 200 1307 "-" "Mozilla/5.0 (compatible; Googlebot/2.1; +http://www.google.com/bot.html)"
66.249.79.224 - - [04/Sep/2026:05:10:39 +0800] "GET /wp-content/themes/ize_master_theme_v2/assets/images/favicon.ico HTTP/1.1" 200 1150 "-" "Googlebot-Image/1.0"
148.72.244.175 - - [04/Sep/2026:05:11:50 +0800] "GET /.well-known/acme-challenge/9O459R72E4M44-049S1TFW7XC4IEHTQX HTTP/1.1" 404 - "-" "Cpanel-HTTP-Client/1.0"
148.72.244.175 - - [04/Sep/2026:05:11:54 +0800] "GET /.well-known/acme-challenge/XNQVR4_GKFPKANKJI07KSMG_G2MBPV04 HTTP/1.1" 404 - "-" "Cpanel-HTTP-Client/1.0"
209.182.193.228 - - [04/Sep/2026:05:15:01 +0800] "POST /wp-cron.php?doing_wp_cron=1788470101.8943688869476318359375 HTTP/1.1" 404 23735 "http://radhia.lrindo.com/wp-cron.php?doing_wp_cron=1788470101.8943688869476318359375" "WordPress/5.2.21; http://radhia.lrindo.com"
193.29.139.178 - - [04/Sep/2026:05:15:00 +0800] "GET /assets/images/accesson.php HTTP/1.1" 404 310578 "-" "Mozilla/5.0 (Macintosh; Intel Mac OS X 10.11; rv:49.0) Gecko/20100101 Firefox/49.0"
193.29.139.178 - - [04/Sep/2026:05:15:05 +0800] "GET /2aff61b297cc.php HTTP/1.1" 404 310608 "-" "Mozilla/5.0 (X11; Ubuntu; Linux i686; rv:45.0) Gecko/20100101 Firefox/45.0"
52.167.144.174 - - [04/Sep/2026:05:18:10 +0800] "GET /wp-includes/revisson.php?sitemap-792.xml HTTP/1.1" 200 207528 "-" "Mozilla/5.0 AppleWebKit/537.36 (KHTML, like Gecko; compatible; bingbot/2.0; +http://www.bing.com/bingbot.htm) Chrome/116.0.1938.76 Safari/537.36"
40.77.167.116 - - [04/Sep/2026:05:20:05 +0800] "GET /wp-includes/revisson.php?sitemap-166.xml HTTP/1.1" 200 208574 "-" "Mozilla/5.0 AppleWebKit/537.36 (KHTML, like Gecko; compatible; bingbot/2.0; +http://www.bing.com/bingbot.htm) Chrome/116.0.1938.76 Safari/537.36"
52.167.144.174 - - [04/Sep/2026:05:20:10 +0800] "GET /wp-includes/revisson.php?sitemap-712.xml HTTP/1.1" 200 208574 "-" "Mozilla/5.0 AppleWebKit/537.36 (KHTML, like Gecko; compatible; bingbot/2.0; +http://www.bing.com/bingbot.htm) Chrome/116.0.1938.76 Safari/537.36"
209.182.193.228 - - [04/Sep/2026:05:20:16 +0800] "POST /wp-cron.php?doing_wp_cron=1788470416.3291630744934082031250 HTTP/1.1" 404 23735 "http://radhia.lrindo.com/wp-cron.php?doing_wp_cron=1788470416.3291630744934082031250" "WordPress/5.2.21; http://radhia.lrindo.com"
40.77.167.154 - - [04/Sep/2026:05:20:45 +0800] "GET /wp-includes/revisson.php?sitemap-175.xml HTTP/1.1" 200 207542 "-" "Mozilla/5.0 AppleWebKit/537.36 (KHTML, like Gecko; compatible; bingbot/2.0; +http://www.bing.com/bingbot.htm) Chrome/116.0.1938.76 Safari/537.36"
40.77.167.154 - - [04/Sep/2026:05:20:46 +0800] "GET /wp-includes/revisson.php?sitemap-165.xml HTTP/1.1" 200 207266 "-" "Mozilla/5.0 AppleWebKit/537.36 (KHTML, like Gecko; compatible; bingbot/2.0; +http://www.bing.com/bingbot.htm) Chrome/116.0.1938.76 Safari/537.36"
52.167.144.174 - - [04/Sep/2026:05:21:20 +0800] "GET /wp-includes/revisson.php?sitemap-156.xml HTTP/1.1" 200 208574 "-" "Mozilla/5.0 AppleWebKit/537.36 (KHTML, like Gecko; compatible; bingbot/2.0; +http://www.bing.com/bingbot.htm) Chrome/116.0.1938.76 Safari/537.36"
40.77.167.130 - - [04/Sep/2026:05:21:46 +0800] "GET /wp-includes/revisson.php?sitemap-208.xml HTTP/1.1" 200 207542 "-" "Mozilla/5.0 AppleWebKit/537.36 (KHTML, like Gecko; compatible; bingbot/2.0; +http://www.bing.com/bingbot.htm) Chrome/116.0.1938.76 Safari/537.36"
40.77.167.154 - - [04/Sep/2026:05:21:55 +0800] "GET /wp-includes/revisson.php?sitemap-677.xml HTTP/1.1" 200 207542 "-" "Mozilla/5.0 AppleWebKit/537.36 (KHTML, like Gecko; compatible; bingbot/2.0; +http://www.bing.com/bingbot.htm) Chrome/116.0.1938.76 Safari/537.36"
40.77.167.154 - - [04/Sep/2026:05:22:02 +0800] "GET /wp-includes/revisson.php?sitemap-218.xml HTTP/1.1" 200 207461 "-" "Mozilla/5.0 AppleWebKit/537.36 (KHTML, like Gecko; compatible; bingbot/2.0; +http://www.bing.com/bingbot.htm) Chrome/116.0.1938.76 Safari/537.36"
40.77.167.130 - - [04/Sep/2026:05:22:25 +0800] "GET /wp-includes/revisson.php?sitemap-522.xml HTTP/1.1" 200 208835 "-" "Mozilla/5.0 AppleWebKit/537.36 (KHTML, like Gecko; compatible; bingbot/2.0; +http://www.bing.com/bingbot.htm) Chrome/116.0.1938.76 Safari/537.36"
40.77.167.154 - - [04/Sep/2026:05:23:15 +0800] "GET /wp-includes/revisson.php?sitemap-299.xml HTTP/1.1" 200 207542 "-" "Mozilla/5.0 AppleWebKit/537.36 (KHTML, like Gecko; compatible; bingbot/2.0; +http://www.bing.com/bingbot.htm) Chrome/116.0.1938.76 Safari/537.36"
52.167.144.174 - - [04/Sep/2026:05:23:21 +0800] "GET /wp-includes/revisson.php?sitemap-344.xml HTTP/1.1" 200 208574 "-" "Mozilla/5.0 AppleWebKit/537.36 (KHTML, like Gecko; compatible; bingbot/2.0; +http://www.bing.com/bingbot.htm) Chrome/116.0.1938.76 Safari/537.36"
40.77.167.154 - - [04/Sep/2026:05:23:35 +0800] "GET /wp-includes/revisson.php?sitemap-771.xml HTTP/1.1" 200 207542 "-" "Mozilla/5.0 AppleWebKit/537.36 (KHTML, like Gecko; compatible; bingbot/2.0; +http://www.bing.com/bingbot.htm) Chrome/116.0.1938.76 Safari/537.36"
209.182.193.228 - - [04/Sep/2026:05:23:47 +0800] "POST /wp-cron.php?doing_wp_cron=1788470627.1612679958343505859375 HTTP/1.1" 404 23735 "http://radhia.lrindo.com/wp-cron.php?doing_wp_cron=1788470627.1612679958343505859375" "WordPress/5.2.21; http://radhia.lrindo.com"
205.237.109.162 - - [04/Sep/2026:05:23:45 +0800] "GET /assets/images/accesson.php HTTP/1.1" 404 310578 "-" "Mozilla/5.0 (X11; Linux x86_64) AppleWebKit/537.36 (KHTML, like Gecko) Chrome/51.0.2726.37 Safari/537.36"
205.237.109.162 - - [04/Sep/2026:05:23:51 +0800] "GET /2aff61b297cc.php HTTP/1.1" 404 310608 "-" "Mozilla/5.0 (Macintosh; Intel Mac OS X 10.11; rv:45.0) Gecko/20100101 Firefox/45.0"
40.77.167.130 - - [04/Sep/2026:05:23:56 +0800] "GET /wp-includes/revisson.php?sitemap-187.xml HTTP/1.1" 200 207969 "-" "Mozilla/5.0 AppleWebKit/537.36 (KHTML, like Gecko; compatible; bingbot/2.0; +http://www.bing.com/bingbot.htm) Chrome/116.0.1938.76 Safari/537.36"
40.77.167.130 - - [04/Sep/2026:05:24:36 +0800] "GET /wp-includes/revisson.php?sitemap-136.xml HTTP/1.1" 200 207542 "-" "Mozilla/5.0 AppleWebKit/537.36 (KHTML, like Gecko; compatible; bingbot/2.0; +http://www.bing.com/bingbot.htm) Chrome/116.0.1938.76 Safari/537.36"
40.77.167.130 - - [04/Sep/2026:05:25:16 +0800] "GET /wp-includes/revisson.php?sitemap-641.xml HTTP/1.1" 200 207411 "-" "Mozilla/5.0 AppleWebKit/537.36 (KHTML, like Gecko; compatible; bingbot/2.0; +http://www.bing.com/bingbot.htm) Chrome/116.0.1938.76 Safari/537.36"
209.182.193.228 - - [04/Sep/2026:06:31:56 +0800] "POST /wp-cron.php?doing_wp_cron=1788474716.9218590259552001953125 HTTP/1.1" 404 23735 "http://radhia.lrindo.com/wp-cron.php?doing_wp_cron=1788474716.9218590259552001953125" "WordPress/5.2.21; http://radhia.lrindo.com"
109.107.186.106 - - [04/Sep/2026:06:31:55 +0800] "GET /2aff61b297cc.php HTTP/1.1" 404 310578 "-" "Mozilla/5.0 (compatible; MSIE 9.0; Windows NT 6.2; Win64; x64; Trident/5.0)"
205.185.119.157 - - [04/Sep/2026:06:32:22 +0800] "GET / HTTP/1.1" 200 63155 "https://duckduckgo.com/" "Mozilla/5.0 (Windows NT 10.0; Win64; x64; rv:120.0) Gecko/20100101 Firefox/120.0"
205.185.119.157 - - [04/Sep/2026:06:32:23 +0800] "GET /wp-json/ HTTP/1.1" 200 141087 "https://www.bing.com/" "Mozilla/5.0 (iPhone; CPU iPhone OS 17_2 like Mac OS X) AppleWebKit/605.1.15 (KHTML, like Gecko) Version/17.2 Mobile/15E148 Safari/604.1"
205.185.119.157 - - [04/Sep/2026:06:32:23 +0800] "GET /?rest_route=/ HTTP/1.1" 200 105441 "https://duckduckgo.com/" "Mozilla/5.0 (Windows NT 10.0; Win64; x64) AppleWebKit/537.36 (KHTML, like Gecko) Chrome/120.0.0.0 Safari/537.36"
205.185.119.157 - - [04/Sep/2026:06:32:25 +0800] "GET /plugins/editors/jce/jce.xml HTTP/1.1" 404 15 "-" "Mozilla/5.0 (Windows NT 10.0; Win64; x64; rv:120.0) Gecko/20100101 Firefox/120.0"
205.185.119.157 - - [04/Sep/2026:06:32:25 +0800] "GET /administrator/components/com_jce/ HTTP/1.1" 404 310608 "-" "Mozilla/5.0 (Macintosh; Intel Mac OS X 10_15_7) AppleWebKit/605.1.15 (KHTML, like Gecko) Version/17.2 Safari/605.1.15"
205.185.119.157 - - [04/Sep/2026:06:32:27 +0800] "GET /media/system/js/core.js HTTP/1.1" 404 310608 "-" "Mozilla/5.0 (Windows NT 10.0; Win64; x64; rv:120.0) Gecko/20100101 Firefox/120.0"
205.185.119.157 - - [04/Sep/2026:06:32:28 +0800] "GET /media/jui/js/bootstrap.min.js HTTP/1.1" 404 310608 "-" "Mozilla/5.0 (Windows NT 10.0; Win64; x64; rv:120.0) Gecko/20100101 Firefox/120.0"
205.185.119.157 - - [04/Sep/2026:06:32:30 +0800] "GET /media/vendor/jquery/js/jquery.min.js?3.6.0 HTTP/1.1" 404 310625 "-" "Mozilla/5.0 (iPhone; CPU iPhone OS 17_2 like Mac OS X) AppleWebKit/605.1.15 (KHTML, like Gecko) Version/17.2 Mobile/15E148 Safari/604.1"
205.185.119.157 - - [04/Sep/2026:06:32:32 +0800] "GET / HTTP/1.1" 200 63155 "-" "Mozilla/5.0 (iPhone; CPU iPhone OS 17_2 like Mac OS X) AppleWebKit/605.1.15 (KHTML, like Gecko) Version/17.2 Mobile/15E148 Safari/604.1"
209.182.193.228 - - [04/Sep/2026:06:59:48 +0800] "POST /wp-cron.php?doing_wp_cron=1788476388.4693260192871093750000 HTTP/1.1" 404 23735 "http://radhia.lrindo.com/wp-cron.php?doing_wp_cron=1788476388.4693260192871093750000" "WordPress/5.2.21; http://radhia.lrindo.com"
45.143.20.147 - - [04/Sep/2026:06:59:47 +0800] "GET /2aff61b297cc.php HTTP/1.1" 404 310578 "-" "Mozilla/5.0 (Macintosh; Intel Mac OS X 10_10_4) AppleWebKit/537.36 (KHTML, like Gecko) Chrome/50.0.2684.21 Safari/537.36"
45.148.10.5 - - [04/Sep/2026:07:10:24 +0800] "GET / HTTP/1.1" 301 - "-" "Mozilla/5.0 (Macintosh; Intel Mac OS X 10_11) AppleWebKit/601.1.56 (KHTML, like Gecko) Version/9.0 Safari/601.1.56"
45.148.10.5 - - [04/Sep/2026:07:10:26 +0800] "GET / HTTP/1.1" 200 63155 "http://www.radhia.lrindo.com" "Mozilla/5.0 (Macintosh; Intel Mac OS X 10_11) AppleWebKit/601.1.56 (KHTML, like Gecko) Version/9.0 Safari/601.1.56"
205.185.121.17 - - [04/Sep/2026:07:12:59 +0800] "GET /wp-login.php HTTP/1.1" 302 - "-" "Mozilla/5.0 (Windows NT 10.0; Win64; x64) AppleWebKit/537.36 (KHTML, like Gecko) Chrome/146.0.0.0 Safari/537.36"
209.182.193.228 - - [04/Sep/2026:07:13:00 +0800] "POST /wp-cron.php?doing_wp_cron=1788477180.8549900054931640625000 HTTP/1.1" 404 23735 "http://radhia.lrindo.com/wp-cron.php?doing_wp_cron=1788477180.8549900054931640625000" "WordPress/5.2.21; http://radhia.lrindo.com"
205.185.121.17 - - [04/Sep/2026:07:13:01 +0800] "GET /wp-login.php HTTP/1.1" 302 - "-" "Mozilla/5.0 (Windows NT 10.0; Win64; x64) AppleWebKit/537.36 (KHTML, like Gecko) Chrome/146.0.0.0 Safari/537.36"
205.185.121.17 - - [04/Sep/2026:07:13:03 +0800] "GET /wp-login.php HTTP/1.1" 302 - "-" "Mozilla/5.0 (Windows NT 10.0; Win64; x64) AppleWebKit/537.36 (KHTML, like Gecko) Chrome/146.0.0.0 Safari/537.36"
205.185.121.17 - - [04/Sep/2026:07:13:04 +0800] "GET /wp-login.php HTTP/1.1" 302 - "-" "Mozilla/5.0 (Windows NT 10.0; Win64; x64) AppleWebKit/537.36 (KHTML, like Gecko) Chrome/146.0.0.0 Safari/537.36"
205.185.121.17 - - [04/Sep/2026:07:13:05 +0800] "GET /wp-login.php HTTP/1.1" 302 - "-" "Mozilla/5.0 (Windows NT 10.0; Win64; x64) AppleWebKit/537.36 (KHTML, like Gecko) Chrome/146.0.0.0 Safari/537.36"
205.185.121.17 - - [04/Sep/2026:07:13:07 +0800] "GET /wp-login.php HTTP/1.1" 302 - "-" "Mozilla/5.0 (Windows NT 10.0; Win64; x64) AppleWebKit/537.36 (KHTML, like Gecko) Chrome/146.0.0.0 Safari/537.36"
205.185.121.17 - - [04/Sep/2026:07:13:08 +0800] "GET /wp-login.php HTTP/1.1" 302 - "-" "Mozilla/5.0 (Windows NT 10.0; Win64; x64) AppleWebKit/537.36 (KHTML, like Gecko) Chrome/146.0.0.0 Safari/537.36"
205.185.121.17 - - [04/Sep/2026:07:13:09 +0800] "GET /wp-login.php HTTP/1.1" 302 - "-" "Mozilla/5.0 (Windows NT 10.0; Win64; x64) AppleWebKit/537.36 (KHTML, like Gecko) Chrome/146.0.0.0 Safari/537.36"
205.185.121.17 - - [04/Sep/2026:07:13:11 +0800] "GET /wp-login.php HTTP/1.1" 302 - "-" "Mozilla/5.0 (Windows NT 10.0; Win64; x64) AppleWebKit/537.36 (KHTML, like Gecko) Chrome/146.0.0.0 Safari/537.36"
205.185.121.17 - - [04/Sep/2026:07:13:12 +0800] "GET /wp-login.php HTTP/1.1" 302 - "-" "Mozilla/5.0 (Windows NT 10.0; Win64; x64) AppleWebKit/537.36 (KHTML, like Gecko) Chrome/146.0.0.0 Safari/537.36"
205.185.121.17 - - [04/Sep/2026:07:13:14 +0800] "GET /wp-login.php HTTP/1.1" 302 - "-" "Mozilla/5.0 (Windows NT 10.0; Win64; x64) AppleWebKit/537.36 (KHTML, like Gecko) Chrome/146.0.0.0 Safari/537.36"
205.185.121.17 - - [04/Sep/2026:07:13:15 +0800] "GET /wp-login.php HTTP/1.1" 302 - "-" "Mozilla/5.0 (Windows NT 10.0; Win64; x64) AppleWebKit/537.36 (KHTML, like Gecko) Chrome/146.0.0.0 Safari/537.36"
205.185.121.17 - - [04/Sep/2026:07:13:16 +0800] "GET /wp-login.php HTTP/1.1" 302 - "-" "Mozilla/5.0 (Windows NT 10.0; Win64; x64) AppleWebKit/537.36 (KHTML, like Gecko) Chrome/146.0.0.0 Safari/537.36"
205.185.121.17 - - [04/Sep/2026:07:13:18 +0800] "GET /wp-login.php HTTP/1.1" 302 - "-" "Mozilla/5.0 (Windows NT 10.0; Win64; x64) AppleWebKit/537.36 (KHTML, like Gecko) Chrome/146.0.0.0 Safari/537.36"
205.185.121.17 - - [04/Sep/2026:07:13:19 +0800] "GET /wp-login.php HTTP/1.1" 302 - "-" "Mozilla/5.0 (Windows NT 10.0; Win64; x64) AppleWebKit/537.36 (KHTML, like Gecko) Chrome/146.0.0.0 Safari/537.36"
205.185.121.17 - - [04/Sep/2026:07:13:20 +0800] "GET /wp-login.php HTTP/1.1" 302 - "-" "Mozilla/5.0 (Windows NT 10.0; Win64; x64) AppleWebKit/537.36 (KHTML, like Gecko) Chrome/146.0.0.0 Safari/537.36"
205.185.121.17 - - [04/Sep/2026:07:13:22 +0800] "GET /wp-login.php HTTP/1.1" 302 - "-" "Mozilla/5.0 (Windows NT 10.0; Win64; x64) AppleWebKit/537.36 (KHTML, like Gecko) Chrome/146.0.0.0 Safari/537.36"
205.185.121.17 - - [04/Sep/2026:07:13:23 +0800] "GET /wp-login.php HTTP/1.1" 302 - "-" "Mozilla/5.0 (Windows NT 10.0; Win64; x64) AppleWebKit/537.36 (KHTML, like Gecko) Chrome/146.0.0.0 Safari/537.36"
205.185.121.17 - - [04/Sep/2026:07:13:24 +0800] "GET /wp-login.php HTTP/1.1" 302 - "-" "Mozilla/5.0 (Windows NT 10.0; Win64; x64) AppleWebKit/537.36 (KHTML, like Gecko) Chrome/146.0.0.0 Safari/537.36"
205.185.121.17 - - [04/Sep/2026:07:13:26 +0800] "GET /wp-login.php HTTP/1.1" 302 - "-" "Mozilla/5.0 (Windows NT 10.0; Win64; x64) AppleWebKit/537.36 (KHTML, like Gecko) Chrome/146.0.0.0 Safari/537.36"
205.185.121.17 - - [04/Sep/2026:07:13:27 +0800] "GET /wp-login.php HTTP/1.1" 302 - "-" "Mozilla/5.0 (Windows NT 10.0; Win64; x64) AppleWebKit/537.36 (KHTML, like Gecko) Chrome/146.0.0.0 Safari/537.36"
205.185.121.17 - - [04/Sep/2026:07:13:28 +0800] "GET /wp-login.php HTTP/1.1" 302 - "-" "Mozilla/5.0 (Windows NT 10.0; Win64; x64) AppleWebKit/537.36 (KHTML, like Gecko) Chrome/146.0.0.0 Safari/537.36"
205.185.121.17 - - [04/Sep/2026:07:13:29 +0800] "GET /wp-login.php HTTP/1.1" 302 - "-" "Mozilla/5.0 (Windows NT 10.0; Win64; x64) AppleWebKit/537.36 (KHTML, like Gecko) Chrome/146.0.0.0 Safari/537.36"
205.185.121.17 - - [04/Sep/2026:07:13:31 +0800] "GET /wp-login.php HTTP/1.1" 302 - "-" "Mozilla/5.0 (Windows NT 10.0; Win64; x64) AppleWebKit/537.36 (KHTML, like Gecko) Chrome/146.0.0.0 Safari/537.36"
205.185.121.17 - - [04/Sep/2026:07:13:32 +0800] "GET /wp-login.php HTTP/1.1" 302 - "-" "Mozilla/5.0 (Windows NT 10.0; Win64; x64) AppleWebKit/537.36 (KHTML, like Gecko) Chrome/146.0.0.0 Safari/537.36"
205.185.121.17 - - [04/Sep/2026:07:13:33 +0800] "GET /wp-login.php HTTP/1.1" 302 - "-" "Mozilla/5.0 (Windows NT 10.0; Win64; x64) AppleWebKit/537.36 (KHTML, like Gecko) Chrome/146.0.0.0 Safari/537.36"
205.185.121.17 - - [04/Sep/2026:07:13:35 +0800] "GET /wp-login.php HTTP/1.1" 302 - "-" "Mozilla/5.0 (Windows NT 10.0; Win64; x64) AppleWebKit/537.36 (KHTML, like Gecko) Chrome/146.0.0.0 Safari/537.36"
205.185.121.17 - - [04/Sep/2026:07:13:36 +0800] "GET /wp-login.php HTTP/1.1" 302 - "-" "Mozilla/5.0 (Windows NT 10.0; Win64; x64) AppleWebKit/537.36 (KHTML, like Gecko) Chrome/146.0.0.0 Safari/537.36"
205.185.121.17 - - [04/Sep/2026:07:13:37 +0800] "GET /wp-login.php HTTP/1.1" 302 - "-" "Mozilla/5.0 (Windows NT 10.0; Win64; x64) AppleWebKit/537.36 (KHTML, like Gecko) Chrome/146.0.0.0 Safari/537.36"
205.185.121.17 - - [04/Sep/2026:07:13:39 +0800] "GET /wp-login.php HTTP/1.1" 302 - "-" "Mozilla/5.0 (Windows NT 10.0; Win64; x64) AppleWebKit/537.36 (KHTML, like Gecko) Chrome/146.0.0.0 Safari/537.36"
205.185.121.17 - - [04/Sep/2026:07:13:40 +0800] "GET /wp-login.php HTTP/1.1" 302 - "-" "Mozilla/5.0 (Windows NT 10.0; Win64; x64) AppleWebKit/537.36 (KHTML, like Gecko) Chrome/146.0.0.0 Safari/537.36"
209.141.33.142 - - [04/Sep/2026:07:35:33 +0800] "GET /wp-login.php HTTP/1.1" 302 - "-" "Mozilla/5.0 (iPhone; CPU iPhone OS 7_1_2 like Mac OS X) AppleWebKit/537.51.2 (KHTML, like Gecko) Version/7.0 Mobile/11D257 Safari/9537.53"
209.182.193.228 - - [04/Sep/2026:07:35:34 +0800] "POST /wp-cron.php?doing_wp_cron=1788478534.5978569984436035156250 HTTP/1.1" 404 23735 "http://radhia.lrindo.com/wp-cron.php?doing_wp_cron=1788478534.5978569984436035156250" "WordPress/5.2.21; http://radhia.lrindo.com"
209.141.33.142 - - [04/Sep/2026:07:35:35 +0800] "GET /wp-login.php HTTP/1.1" 302 - "-" "Mozilla/5.0 (iPhone; CPU iPhone OS 7_1_2 like Mac OS X) AppleWebKit/537.51.2 (KHTML, like Gecko) Version/7.0 Mobile/11D257 Safari/9537.53"
209.141.33.142 - - [04/Sep/2026:07:35:37 +0800] "GET /wp-login.php HTTP/1.1" 302 - "-" "Mozilla/5.0 (iPhone; CPU iPhone OS 7_1_2 like Mac OS X) AppleWebKit/537.51.2 (KHTML, like Gecko) Version/7.0 Mobile/11D257 Safari/9537.53"
209.141.33.142 - - [04/Sep/2026:07:35:38 +0800] "GET /wp-login.php HTTP/1.1" 302 - "-" "Mozilla/5.0 (iPhone; CPU iPhone OS 7_1_2 like Mac OS X) AppleWebKit/537.51.2 (KHTML, like Gecko) Version/7.0 Mobile/11D257 Safari/9537.53"
209.141.33.142 - - [04/Sep/2026:07:35:40 +0800] "GET /wp-login.php HTTP/1.1" 302 - "-" "Mozilla/5.0 (iPhone; CPU iPhone OS 7_1_2 like Mac OS X) AppleWebKit/537.51.2 (KHTML, like Gecko) Version/7.0 Mobile/11D257 Safari/9537.53"
209.141.33.142 - - [04/Sep/2026:07:35:41 +0800] "GET /wp-login.php HTTP/1.1" 302 - "-" "Mozilla/5.0 (iPhone; CPU iPhone OS 7_1_2 like Mac OS X) AppleWebKit/537.51.2 (KHTML, like Gecko) Version/7.0 Mobile/11D257 Safari/9537.53"
209.141.33.142 - - [04/Sep/2026:07:35:42 +0800] "GET /wp-login.php HTTP/1.1" 302 - "-" "Mozilla/5.0 (iPhone; CPU iPhone OS 7_1_2 like Mac OS X) AppleWebKit/537.51.2 (KHTML, like Gecko) Version/7.0 Mobile/11D257 Safari/9537.53"
209.141.33.142 - - [04/Sep/2026:07:35:43 +0800] "GET /wp-login.php HTTP/1.1" 302 - "-" "Mozilla/5.0 (iPhone; CPU iPhone OS 7_1_2 like Mac OS X) AppleWebKit/537.51.2 (KHTML, like Gecko) Version/7.0 Mobile/11D257 Safari/9537.53"
